{"id":831,"date":"2020-12-20T16:12:14","date_gmt":"2020-12-20T15:12:14","guid":{"rendered":"https:\/\/www.vienne-en-transition.fr\/?page_id=831"},"modified":"2021-02-09T10:18:29","modified_gmt":"2021-02-09T09:18:29","slug":"charte-des-valeurs","status":"publish","type":"page","link":"https:\/\/www.vienne-en-transition.fr\/index.php\/charte-des-valeurs\/","title":{"rendered":"Charte des valeurs"},"content":{"rendered":"\n<p>Nous, collectif \u00ab La Vienne en transition \u00bb avons l&rsquo;ambition de regrouper des citoyen-ne-s , militant-e-s de gauche et \u00e9cologistes, engag\u00e9-e-s ou non dans des organisations politiques, syndicales ou associatives. Notre objectif est de construire et mettre en \u0153uvre un projet politique pour la Vienne bas\u00e9 sur trois valeurs fondamentales que sont<strong> l&rsquo;\u00c9cologie, la Solidarit\u00e9 et la D\u00e9mocratie.<\/strong> Notre engagement est r\u00e9aliste, ouvert et ancr\u00e9 localement sur l\u2019ensemble du d\u00e9partement, au plus pr\u00e8s du quotidien de ses habitant-e-s.<\/p>\n\n\n\n<p>Pour retrouver le sens des priorit\u00e9s, nous adapterons nos politiques afin qu\u2019elles r\u00e9pondent aux <strong>urgences \u00e9cologiques<\/strong> de notre temps dans une perspective de justice sociale pour toutes et tous. Nous nous engageons \u00e0 soutenir un mod\u00e8le de d\u00e9veloppement sobre et respectueux de l&rsquo;environnement, favorisant une \u00e9conomie de proximit\u00e9 cr\u00e9atrice d&#8217;emplois locaux et s&rsquo;assurant d&rsquo;une solidarit\u00e9 entre les territoires.<\/p>\n\n\n\n<p>Le d\u00e9partement, <strong>au c\u0153ur des politiques sociales<\/strong>, se doit de garantir un acc\u00e8s aux droits pour toutes et tous. Notre action sera guid\u00e9e par le principe de solidarit\u00e9 afin d&rsquo;assurer \u00e0 chacune et \u00e0 chacun des conditions de vie d\u00e9centes, quel que soit son \u00e2ge, genre, culture, origine, nationalit\u00e9\u2026 Il s&rsquo;agira aussi de veiller \u00e0 <strong>une solidarit\u00e9<\/strong> avec les g\u00e9n\u00e9rations futures en inscrivant nos actions et nos d\u00e9cisions dans une perspective de long terme. Nous refuserons toute forme de client\u00e9lisme et lutterons activement contre les discriminations. Nous construirons un territoire uni sachant s&rsquo;enrichir des particularismes locaux.<\/p>\n\n\n\n<p><strong>La d\u00e9mocratie<\/strong>, fondement de la coh\u00e9sion sociale, doit \u00eatre r\u00e9investie pour permettre pleinement aux habitant-e-s de participer aux d\u00e9cisions qui les concernent. Notre principe d\u2019action sera l\u2019ouverture et la transparence dans les d\u00e9cisions du d\u00e9partement. Le renouvellement des \u00e9lu-e-s, leur formation au fil du mandat, la participation des citoyen- ne-s et l&rsquo;accueil des id\u00e9es nouvelles sont les conditions de la r\u00e9ussite de cet engagement.<\/p>\n\n\n\n<hr class=\"wp-block-separator\"\/>\n\n\n\n<p><a href=\"https:\/\/www.vienne-en-transition.fr\/index.php\/chartes-des-valeurs-audio#audio\"><img loading=\"lazy\" decoding=\"async\" width=\"60\" height=\"60\" class=\"wp-image-1265\" style=\"width: 60px;\" src=\"https:\/\/www.vienne-en-transition.fr\/wp-content\/uploads\/2021\/02\/bouton-audio.png\" alt=\"\"><\/a><img loading=\"lazy\" decoding=\"async\" width=\"30\" height=\"30\" class=\"wp-image-1269\" style=\"width: 30px;\" src=\"https:\/\/www.vienne-en-transition.fr\/wp-content\/uploads\/2021\/02\/espace-1.png\" alt=\"\"><a href=\"https:\/\/www.vienne-en-transition.fr\/wp-content\/uploads\/2021\/01\/charte-valeurs.pdf\"><img loading=\"lazy\" decoding=\"async\" width=\"60\" height=\"60\" class=\"wp-image-1267\" style=\"width: 60px;\" src=\"https:\/\/www.vienne-en-transition.fr\/wp-content\/uploads\/2021\/02\/bouton-pdf.png\" alt=\"\"><\/a><\/p>\n","protected":false},"excerpt":{"rendered":"<p>Nous, collectif \u00ab La Vienne en transition \u00bb avons l&rsquo;ambition de regrouper des citoyen-ne-s , militant-e-s de gauche et \u00e9cologistes, [&hellip;]<\/p>\n","protected":false},"author":1,"featured_media":0,"parent":0,"menu_order":0,"comment_status":"closed","ping_status":"closed","template":"","meta":{"site-sidebar-layout":"default","site-content-layout":"","ast-site-content-layout":"","site-content-style":"default","site-sidebar-style":"default","ast-global-header-display":"","ast-banner-title-visibility":"","ast-main-header-display":"","ast-hfb-above-header-display":"","ast-hfb-below-header-display":"","ast-hfb-mobile-header-display":"","site-post-title":"","ast-breadcrumbs-content":"","ast-featured-img":"","footer-sml-layout":"","theme-transparent-header-meta":"","adv-header-id-meta":"","stick-header-meta":"","header-above-stick-meta":"","header-main-stick-meta":"","header-below-stick-meta":"","astra-migrate-meta-layouts":"default","ast-page-background-enabled":"default","ast-page-background-meta":{"desktop":{"background-color":"var(--ast-global-color-5)","background-image":"","background-repeat":"repeat","background-position":"center center","background-size":"auto","background-attachment":"scroll","background-type":"","background-media":"","overlay-type":"","overlay-color":"","overlay-opacity":"","overlay-gradient":""},"tablet":{"background-color":"","background-image":"","background-repeat":"repeat","background-position":"center center","background-size":"auto","background-attachment":"scroll","background-type":"","background-media":"","overlay-type":"","overlay-color":"","overlay-opacity":"","overlay-gradient":""},"mobile":{"background-color":"","background-image":"","background-repeat":"repeat","background-position":"center center","background-size":"auto","background-attachment":"scroll","background-type":"","background-media":"","overlay-type":"","overlay-color":"","overlay-opacity":"","overlay-gradient":""}},"ast-content-background-meta":{"desktop":{"background-color":"var(--ast-global-color-4)","background-image":"","background-repeat":"repeat","background-position":"center center","background-size":"auto","background-attachment":"scroll","background-type":"","background-media":"","overlay-type":"","overlay-color":"","overlay-opacity":"","overlay-gradient":""},"tablet":{"background-color":"var(--ast-global-color-4)","background-image":"","background-repeat":"repeat","background-position":"center center","background-size":"auto","background-attachment":"scroll","background-type":"","background-media":"","overlay-type":"","overlay-color":"","overlay-opacity":"","overlay-gradient":""},"mobile":{"background-color":"var(--ast-global-color-4)","background-image":"","background-repeat":"repeat","background-position":"center center","background-size":"auto","background-attachment":"scroll","background-type":"","background-media":"","overlay-type":"","overlay-color":"","overlay-opacity":"","overlay-gradient":""}},"footnotes":""},"class_list":["post-831","page","type-page","status-publish","hentry"],"_links":{"self":[{"href":"https:\/\/www.vienne-en-transition.fr\/index.php\/wp-json\/wp\/v2\/pages\/831","targetHints":{"allow":["GET"]}}],"collection":[{"href":"https:\/\/www.vienne-en-transition.fr\/index.php\/wp-json\/wp\/v2\/pages"}],"about":[{"href":"https:\/\/www.vienne-en-transition.fr\/index.php\/wp-json\/wp\/v2\/types\/page"}],"author":[{"embeddable":true,"href":"https:\/\/www.vienne-en-transition.fr\/index.php\/wp-json\/wp\/v2\/users\/1"}],"replies":[{"embeddable":true,"href":"https:\/\/www.vienne-en-transition.fr\/index.php\/wp-json\/wp\/v2\/comments?post=831"}],"version-history":[{"count":11,"href":"https:\/\/www.vienne-en-transition.fr\/index.php\/wp-json\/wp\/v2\/pages\/831\/revisions"}],"predecessor-version":[{"id":1303,"href":"https:\/\/www.vienne-en-transition.fr\/index.php\/wp-json\/wp\/v2\/pages\/831\/revisions\/1303"}],"wp:attachment":[{"href":"https:\/\/www.vienne-en-transition.fr\/index.php\/wp-json\/wp\/v2\/media?parent=831"}],"curies":[{"name":"wp","href":"https:\/\/api.w.org\/{rel}","templated":true}]}}

<p>Nous, collectif « La Vienne en transition » avons l&rsquo;ambition de regrouper des citoyen-ne-s , militant-e-s de gauche et écologistes, engagé-e-s ou non dans des organisations politiques, syndicales ou associatives. Notre objectif est de construire et mettre en œuvre un projet politique pour la Vienne basé sur trois valeurs fondamentales que sont<strong> l&rsquo;Écologie, la Solidarité et la Démocratie.</strong> Notre engagement est réaliste, ouvert et ancré localement sur l’ensemble du département, au plus près du quotidien de ses habitant-e-s.</p>



<p>Pour retrouver le sens des priorités, nous adapterons nos politiques afin qu’elles répondent aux <strong>urgences écologiques</strong> de notre temps dans une perspective de justice sociale pour toutes et tous. Nous nous engageons à soutenir un modèle de développement sobre et respectueux de l&rsquo;environnement, favorisant une économie de proximité créatrice d&#8217;emplois locaux et s&rsquo;assurant d&rsquo;une solidarité entre les territoires.</p>



<p>Le département, <strong>au cœur des politiques sociales</strong>, se doit de garantir un accès aux droits pour toutes et tous. Notre action sera guidée par le principe de solidarité afin d&rsquo;assurer à chacune et à chacun des conditions de vie décentes, quel que soit son âge, genre, culture, origine, nationalité… Il s&rsquo;agira aussi de veiller à <strong>une solidarité</strong> avec les générations futures en inscrivant nos actions et nos décisions dans une perspective de long terme. Nous refuserons toute forme de clientélisme et lutterons activement contre les discriminations. Nous construirons un territoire uni sachant s&rsquo;enrichir des particularismes locaux.</p>



<p><strong>La démocratie</strong>, fondement de la cohésion sociale, doit être réinvestie pour permettre pleinement aux habitant-e-s de participer aux décisions qui les concernent. Notre principe d’action sera l’ouverture et la transparence dans les décisions du département. Le renouvellement des élu-e-s, leur formation au fil du mandat, la participation des citoyen- ne-s et l&rsquo;accueil des idées nouvelles sont les conditions de la réussite de cet engagement.</p>



<hr class="wp-block-separator"/>



<p><a href="https://www.vienne-en-transition.fr/index.php/chartes-des-valeurs-audio#audio"><img loading="lazy" decoding="async" width="60" height="60" class="wp-image-1265" style="width: 60px;" src="https://www.vienne-en-transition.fr/wp-content/uploads/2021/02/bouton-audio.png" alt=""></a><img loading="lazy" decoding="async" width="30" height="30" class="wp-image-1269" style="width: 30px;" src="https://www.vienne-en-transition.fr/wp-content/uploads/2021/02/espace-1.png" alt=""><a href="https://www.vienne-en-transition.fr/wp-content/uploads/2021/01/charte-valeurs.pdf"><img loading="lazy" decoding="async" width="60" height="60" class="wp-image-1267" style="width: 60px;" src="https://www.vienne-en-transition.fr/wp-content/uploads/2021/02/bouton-pdf.png" alt=""></a></p>

<p>Nous, collectif « La Vienne en transition » avons l&rsquo;ambition de regrouper des citoyen-ne-s , militant-e-s de gauche et écologistes, [&hellip;]</p>
