{"id":3,"date":"2020-09-23T12:04:09","date_gmt":"2020-09-23T10:04:09","guid":{"rendered":"https:\/\/www.vienne-en-transition.fr\/?page_id=3"},"modified":"2021-10-21T15:41:14","modified_gmt":"2021-10-21T13:41:14","slug":"politique-de-confidentialite","status":"publish","type":"page","link":"https:\/\/www.vienne-en-transition.fr\/index.php\/politique-de-confidentialite\/","title":{"rendered":"Mentions l\u00e9gales"},"content":{"rendered":"\n<h2 class=\"wp-block-heading\">\u00c9diteur<\/h2>\n\n\n\n<p>Les \u00e9lu\u00b7e\u00b7s La Vienne en transition au Conseil d\u00e9partemental<br>Place Aristide-Briand<br>86000 Poitiers<br>contact@vienne-en-transition.fr<\/p>\n\n\n\n<p>Directeur de la publication : Ludovic Devergne<br>Pr\u00e9sident du groupe des \u00e9lu\u00b7e\u00b7s La Vienne en transition <\/p>\n\n\n\n<p><\/p>\n\n\n\n<p style=\"font-size:24px\">Politique de confidentialit\u00e9 <\/p>\n\n\n\n<p>La pr\u00e9sente politique de confidentialit\u00e9 pr\u00e9sente les traitements de donn\u00e9es \u00e0 caract\u00e8re personnel effectu\u00e9s par le groupe des \u00e9lu\u00b7e\u00b7s La Vienne en transition, ainsi que les mesures mises en \u0153uvre pour garantir la confidentialit\u00e9 de vos donn\u00e9es.<\/p>\n\n\n\n<p>Le groupe des \u00e9lu\u00b7e\u00b7s La Vienne en transition est d\u00e9nu\u00e9 de personnalit\u00e9 juridique. L&rsquo;ensemble des \u00e9lu\u00b7e\u00b7s est responsable du traitement de vos donn\u00e9es personnelles.<\/p>\n\n\n\n<p><strong>\u00c9lu\u00b7e\u00b7s La Vienne en transition<\/strong><br>H\u00f4tel du D\u00e9partement &#8211;  Place Aristide-Briand &#8211; 86000 Poitiers <\/p>\n\n\n\n<p>Pour toute question vous pouvez nous contacter&nbsp;par email &#8211; contact@vienne-en-transition.fr<\/p>\n\n\n\n<h2 class=\"wp-block-heading\">Qu\u2019est-ce que des Donn\u00e9es personnelles ?<\/h2>\n\n\n\n<p>Toute information relative \u00e0 une personne physique susceptible d&rsquo;\u00eatre identifi\u00e9e, directement ou indirectement (nom, adresse email, num\u00e9ro de t\u00e9l\u00e9phone ou adresse IP, etc.).<\/p>\n\n\n\n<p>Les traitements de Donn\u00e9es Personnelles d\u00e9signent toute op\u00e9ration portant sur des donn\u00e9es personnelles, quel que soit le proc\u00e9d\u00e9 utilis\u00e9, \u00e9lectronique ou non, tel que la collecte, l&rsquo;enregistrement, la conservation, l&rsquo;extraction, la consultation, l&rsquo;utilisation, la transmission de Donn\u00e9es Personnelles.<\/p>\n\n\n\n<p>Le groupe des \u00e9lu\u00b7e\u00b7s La Vienne en transition s&rsquo;engage \u00e0 respecter le r\u00e8glement UE 2016\/679 du Parlement europ\u00e9en et du Conseil du 27 avril 2016 relatif \u00e0 la protection des personnes physiques \u00e0 l\u2019\u00e9gard du traitement des donn\u00e9es \u00e0 caract\u00e8re personnel (RGPD)\u00a0ainsi que la loi Informatique et Libert\u00e9s et l\u2019ordonnance n\u00b02018-1125 du 12 d\u00e9cembre 2018 relative \u00e0 la protection des donn\u00e9es personnelles portant modification de la loi 78-17 du 6 janvier 1978 relative \u00e0 l\u2019informatique, aux fichiers et aux libert\u00e9s et diverses dispositions concernant la protection des donn\u00e9es \u00e0 caract\u00e8re personnel.<\/p>\n\n\n\n<p>Nous nous engageons \u00e0 prendre toutes les mesures techniques et organisationnelles pour assurer la confidentialit\u00e9 des Donn\u00e9es Personnelles des utilisateurs.<\/p>\n\n\n\n<h2 class=\"wp-block-heading\">Notre site internet<\/h2>\n\n\n\n<p>Le site du groupe des \u00e9lu\u00b7e\u00b7s La Vienne en transition (https:\/\/www.vienne-en-transition.fr) est h\u00e9berg\u00e9 par la soci\u00e9t\u00e9 OVH, 2 rue Kellermann, 59053 Roubaix, France, conform\u00e9ment aux exigences du RGPD.<\/p>\n\n\n\n<p>Des donn\u00e9es de navigation sont susceptibles d\u2019\u00eatre collect\u00e9es et trait\u00e9es par le groupe des \u00e9lu\u00b7e\u00b7s La Vienne en transition \u00e0 des fins statistiques uniquement afin d\u2019am\u00e9liorer l\u2019ergonomie du site et de mesurer le nombre de pages vues et le nombre de visites.<\/p>\n\n\n\n<h2 class=\"wp-block-heading\">Quelles donn\u00e9es traitons nous&nbsp;?<\/h2>\n\n\n\n<p>Le  groupe des \u00e9lu\u00b7e\u00b7s La Vienne en transition collecte et traite les Donn\u00e9es Personnelles suivantes des abonn\u00e9s \u00e0 la newsletter :<\/p>\n\n\n\n<p>&#8211; Nom, pr\u00e9nom<br>&#8211; Adresse postale<br>&#8211; Adresse mail<br>&#8211; Fonction professionnelle ou militante<\/p>\n\n\n\n<p>Le caract\u00e8re obligatoire ou facultatif de ces Donn\u00e9es Personnelles est pr\u00e9cis\u00e9 aux utilisateurs, ainsi que l\u2019utilisation envisag\u00e9e et les cons\u00e9quences d\u2019un d\u00e9faut de renseignement.<\/p>\n\n\n\n<p>Nous traitons des pr\u00e9c\u00e9dentes Donn\u00e9es Personnelles pour satisfaire \u00e0 un abonnement \u00e0 notre newsletter ou pour communiquer des informations relatives au groupe des \u00e9lu\u00b7e\u00b7s La Vienne en transition .<\/p>\n\n\n\n<h2 class=\"wp-block-heading\">Cadre juridique des traitements de donn\u00e9es personnelles<\/h2>\n\n\n\n<p>Les traitements de Donn\u00e9es Personnelles que nous r\u00e9alisons sont n\u00e9cessaire pour satisfaire \u00e0 nos obligations sur le fondement du consentement des utilisateurs et \u00e0 r\u00e9pondre \u00e0 certains int\u00e9r\u00eats l\u00e9gitimes du collectif. Lorsque le consentement de l\u2019Utilisateur est n\u00e9cessaire, le recueil de ce consentement est expr\u00e8s (opt-in).<\/p>\n\n\n\n<h2 class=\"wp-block-heading\">Dur\u00e9e de conservation des donn\u00e9es personnelles<\/h2>\n\n\n\n<p>Nous conservons les Donn\u00e9es Personnelles jusqu\u2019au terme des \u00e9lections d\u00e9partementales 2021. Pass\u00e9 ce d\u00e9lai les Donn\u00e9es Personnelles seront archiv\u00e9es pour une dur\u00e9e d\u2019un an puis supprim\u00e9es.<\/p>\n\n\n\n<h2 class=\"wp-block-heading\">Vos droits<\/h2>\n\n\n\n<p>Toute personne concern\u00e9e par le traitement de ses Donn\u00e9es Personnelles dispose d\u2019un droit d\u2019information, d\u2019acc\u00e8s, d\u2019opposition, de rectification, d\u2019effacement et de suppression de tout ou partie des Donn\u00e9es personnelles le concernant, d\u2019un droit \u00e0 la limitation du traitement et \u00e0 la portabilit\u00e9 des Donn\u00e9es personnelles.<\/p>\n\n\n\n<p>Vous pouvez exercer vos droits en \u00e9crivant \u00e0 l\u2019adresse email &#8211; <a href=\"mailto:contact@vienne-en-transition.fr\">contact@vienne-en-transition.fr<\/a> \u2013 en mentionnant nom et pr\u00e9nom, accompagn\u00e9 d\u2019une photocopie d\u2019un titre d\u2019identit\u00e9 (carte d\u2019identit\u00e9, passeport, permis de conduire). Ces informations ne seront conserv\u00e9es que le temps n\u00e9cessaire au traitement de la demande.<\/p>\n\n\n\n<p>Le groupe des \u00e9lu\u00b7e\u00b7s La Vienne en transition disposera d\u2019un d\u00e9lai d\u2019un mois pour r\u00e9pondre apr\u00e8s r\u00e9ception de la demande, qui peut \u00eatre prolong\u00e9 de deux mois en cas de complexit\u00e9 ou du nombre \u00e9lev\u00e9 de demandes. Si cela arrive, vous en serez inform\u00e9 au maximum deux mois apr\u00e8s votre demande.<\/p>\n\n\n\n<h2 class=\"wp-block-heading\">Transfert de donn\u00e9es personnelles hors Union europ\u00e9enne<\/h2>\n\n\n\n<p>Nous ne transf\u00e9rons aucune donn\u00e9e personnelle en dehors de l\u2019Union europ\u00e9enne.<\/p>\n\n\n\n<p>Nous utilisons le service Mailchimp dont le seul objet est de r\u00e9pondre aux demandes de newsletter et dont les serveurs sont situ\u00e9s aux \u00c9tats-Unis. Retrouvez la politique de confidentialit\u00e9 de Mailchimp&nbsp;ici :&nbsp;<a rel=\"noreferrer noopener\" target=\"_blank\" href=\"https:\/\/mailchimp.com\/fr\/gdpr\/\">https:\/\/mailchimp.com\/fr\/gdpr\/<\/a><\/p>\n\n\n\n<h2 class=\"wp-block-heading\">Destinataires de donn\u00e9es personnelles<\/h2>\n\n\n\n<p>Les Donn\u00e9es Personnelles des utilisateurs, sont destin\u00e9es au groupe des \u00e9lu\u00b7e\u00b7s La Vienne en transition et n\u2019ont pas vocation \u00e0 \u00eatre utilis\u00e9es dans un autre cadre.<\/p>\n\n\n\n<p>Le groupe des \u00e9lu\u00b7e\u00b7s La Vienne en transition peut aussi \u00eatre susceptible de communiquer les Donn\u00e9es Personnelles des utilisateurs \u00e0 toute autorit\u00e9 administrative ou judiciaire qui lui en ferait la demande, conform\u00e9ment \u00e0 la l\u00e9gislation en vigueur.<\/p>\n\n\n\n<h2 class=\"wp-block-heading\">Cookies<\/h2>\n\n\n\n<p>Nous ne d\u00e9posons pas de cookies sur votre terminal.<\/p>\n\n\n\n<p>Derni\u00e8re mise \u00e0 jour le 21\/10\/2021<\/p>\n","protected":false},"excerpt":{"rendered":"<p>\u00c9diteur Les \u00e9lu\u00b7e\u00b7s La Vienne en transition au Conseil d\u00e9partementalPlace Aristide-Briand86000 Poitierscontact@vienne-en-transition.fr Directeur de la publication : Ludovic DevergnePr\u00e9sident du [&hellip;]<\/p>\n","protected":false},"author":1,"featured_media":0,"parent":0,"menu_order":0,"comment_status":"closed","ping_status":"open","template":"","meta":{"site-sidebar-layout":"default","site-content-layout":"","ast-site-content-layout":"","site-content-style":"default","site-sidebar-style":"default","ast-global-header-display":"","ast-banner-title-visibility":"","ast-main-header-display":"","ast-hfb-above-header-display":"","ast-hfb-below-header-display":"","ast-hfb-mobile-header-display":"","site-post-title":"","ast-breadcrumbs-content":"","ast-featured-img":"","footer-sml-layout":"","theme-transparent-header-meta":"","adv-header-id-meta":"","stick-header-meta":"","header-above-stick-meta":"","header-main-stick-meta":"","header-below-stick-meta":"","astra-migrate-meta-layouts":"default","ast-page-background-enabled":"default","ast-page-background-meta":{"desktop":{"background-color":"var(--ast-global-color-5)","background-image":"","background-repeat":"repeat","background-position":"center center","background-size":"auto","background-attachment":"scroll","background-type":"","background-media":"","overlay-type":"","overlay-color":"","overlay-opacity":"","overlay-gradient":""},"tablet":{"background-color":"","background-image":"","background-repeat":"repeat","background-position":"center center","background-size":"auto","background-attachment":"scroll","background-type":"","background-media":"","overlay-type":"","overlay-color":"","overlay-opacity":"","overlay-gradient":""},"mobile":{"background-color":"","background-image":"","background-repeat":"repeat","background-position":"center center","background-size":"auto","background-attachment":"scroll","background-type":"","background-media":"","overlay-type":"","overlay-color":"","overlay-opacity":"","overlay-gradient":""}},"ast-content-background-meta":{"desktop":{"background-color":"var(--ast-global-color-4)","background-image":"","background-repeat":"repeat","background-position":"center center","background-size":"auto","background-attachment":"scroll","background-type":"","background-media":"","overlay-type":"","overlay-color":"","overlay-opacity":"","overlay-gradient":""},"tablet":{"background-color":"var(--ast-global-color-4)","background-image":"","background-repeat":"repeat","background-position":"center center","background-size":"auto","background-attachment":"scroll","background-type":"","background-media":"","overlay-type":"","overlay-color":"","overlay-opacity":"","overlay-gradient":""},"mobile":{"background-color":"var(--ast-global-color-4)","background-image":"","background-repeat":"repeat","background-position":"center center","background-size":"auto","background-attachment":"scroll","background-type":"","background-media":"","overlay-type":"","overlay-color":"","overlay-opacity":"","overlay-gradient":""}},"footnotes":""},"class_list":["post-3","page","type-page","status-publish","hentry"],"_links":{"self":[{"href":"https:\/\/www.vienne-en-transition.fr\/index.php\/wp-json\/wp\/v2\/pages\/3","targetHints":{"allow":["GET"]}}],"collection":[{"href":"https:\/\/www.vienne-en-transition.fr\/index.php\/wp-json\/wp\/v2\/pages"}],"about":[{"href":"https:\/\/www.vienne-en-transition.fr\/index.php\/wp-json\/wp\/v2\/types\/page"}],"author":[{"embeddable":true,"href":"https:\/\/www.vienne-en-transition.fr\/index.php\/wp-json\/wp\/v2\/users\/1"}],"replies":[{"embeddable":true,"href":"https:\/\/www.vienne-en-transition.fr\/index.php\/wp-json\/wp\/v2\/comments?post=3"}],"version-history":[{"count":13,"href":"https:\/\/www.vienne-en-transition.fr\/index.php\/wp-json\/wp\/v2\/pages\/3\/revisions"}],"predecessor-version":[{"id":2067,"href":"https:\/\/www.vienne-en-transition.fr\/index.php\/wp-json\/wp\/v2\/pages\/3\/revisions\/2067"}],"wp:attachment":[{"href":"https:\/\/www.vienne-en-transition.fr\/index.php\/wp-json\/wp\/v2\/media?parent=3"}],"curies":[{"name":"wp","href":"https:\/\/api.w.org\/{rel}","templated":true}]}}