{"id":2654,"date":"2025-01-23T10:29:04","date_gmt":"2025-01-23T09:29:04","guid":{"rendered":"https:\/\/www.vienne-en-transition.fr\/?page_id=2654"},"modified":"2025-01-23T10:29:05","modified_gmt":"2025-01-23T09:29:05","slug":"sarah-rhallab-poitiers-2","status":"publish","type":"page","link":"https:\/\/www.vienne-en-transition.fr\/index.php\/sarah-rhallab-poitiers-2\/","title":{"rendered":"Sarah Rhallab &#8211; Poitiers 2"},"content":{"rendered":"\n<p class=\"has-text-align-left\"><img decoding=\"async\" src=\"https:\/\/www.vienne-en-transition.fr\/wp-content\/uploads\/2021\/05\/profil-srhallab.jpg\" alt=\"Sarah Rhallab\"><br><a href=\"https:\/\/www.facebook.com\/profile.php?id=100012629643980\"><\/a><br>\u00c9tudiante en Master 2 d\u2019administration publique \u00e0 l&rsquo;Institut de Pr\u00e9paration \u00e0 l&rsquo;Administration G\u00e9n\u00e9rale (IPAG) de Poitiers<br>Au Conseil d\u00e9partemental, Sarah Rhallab est membre de :<br>&#8211; la Commission permanente,<br>&#8211; la commission Am\u00e9nagement et Inclusion num\u00e9riques,<br>&#8211; la commission Insertion, Emploi, P\u00f4les \u00e9conomiques,<br>&#8211; la commission Jeunesse, Sport, Citoyennet\u00e9,<br>&#8211; la commission des Finances.<br>En tant que conseill\u00e8re d\u00e9partementale, elle si\u00e8ge :<br>&#8211; au Coll\u00e8ge public Jules Verne de Buxerolles,<br>&#8211; au Coll\u00e8ge public Pierre de Ronsard de Poitiers,<br>&#8211; au Conseil Acad\u00e9mique de l\u2019\u00c9ducation Nationale (CAEN),<br>&#8211; au Conseil D\u00e9partemental de l&rsquo;Education Nationale (CDEN),<br>&#8211; au Fonds d\u00e9partemental d&rsquo;aide aux acc\u00e9dants \u00e0 la propri\u00e9t\u00e9 en difficult\u00e9 (FDAC 86),<br>&#8211; au Comit\u00e9 responsable du Plan D\u00e9partemental d&rsquo;Action pour le Logement et l&rsquo;H\u00e9bergement des Personnes D\u00e9favoris\u00e9es (PDALHPD).<\/p>\n\n\n\n<p><\/p>\n\n\n\n<h2 class=\"wp-block-heading\">Anne Joulain &#8211; Rempla\u00e7ante<\/h2>\n\n\n\n<div class=\"wp-block-media-text alignwide is-stacked-on-mobile\" style=\"grid-template-columns:15% auto\"><figure class=\"wp-block-media-text__media\"><img loading=\"lazy\" decoding=\"async\" width=\"243\" height=\"243\" src=\"https:\/\/www.vienne-en-transition.fr\/wp-content\/uploads\/2021\/05\/profil-ajoulain.jpg\" alt=\"Anne Joulain\" class=\"wp-image-1759 size-full\" srcset=\"https:\/\/www.vienne-en-transition.fr\/wp-content\/uploads\/2021\/05\/profil-ajoulain.jpg 243w, https:\/\/www.vienne-en-transition.fr\/wp-content\/uploads\/2021\/05\/profil-ajoulain-150x150.jpg 150w, https:\/\/www.vienne-en-transition.fr\/wp-content\/uploads\/2021\/05\/profil-ajoulain-100x100.jpg 100w\" sizes=\"auto, (max-width: 243px) 100vw, 243px\" \/><\/figure><div class=\"wp-block-media-text__content\">\n<p>50 ans, habitante de Poitiers Ouest.<br>Enseignante chercheuse \u00e0 l\u2019Universit\u00e9 de Poitiers.<br>Militante syndicale. Ancienne conseill\u00e8re municipale de Poitiers d\u00e9l\u00e9gu\u00e9e \u00e0 la petite enfance et \u00e0 la sant\u00e9 (2008-2014).<\/p>\n<\/div><\/div>\n","protected":false},"excerpt":{"rendered":"<p>\u00c9tudiante en Master 2 d\u2019administration publique \u00e0 l&rsquo;Institut de Pr\u00e9paration \u00e0 l&rsquo;Administration G\u00e9n\u00e9rale (IPAG) de PoitiersAu Conseil d\u00e9partemental, Sarah Rhallab [&hellip;]<\/p>\n","protected":false},"author":1,"featured_media":0,"parent":0,"menu_order":0,"comment_status":"closed","ping_status":"closed","template":"","meta":{"site-sidebar-layout":"default","site-content-layout":"","ast-site-content-layout":"","site-content-style":"default","site-sidebar-style":"default","ast-global-header-display":"","ast-banner-title-visibility":"","ast-main-header-display":"","ast-hfb-above-header-display":"","ast-hfb-below-header-display":"","ast-hfb-mobile-header-display":"","site-post-title":"","ast-breadcrumbs-content":"","ast-featured-img":"","footer-sml-layout":"","theme-transparent-header-meta":"","adv-header-id-meta":"","stick-header-meta":"","header-above-stick-meta":"","header-main-stick-meta":"","header-below-stick-meta":"","astra-migrate-meta-layouts":"default","ast-page-background-enabled":"default","ast-page-background-meta":{"desktop":{"background-color":"var(--ast-global-color-5)","background-image":"","background-repeat":"repeat","background-position":"center center","background-size":"auto","background-attachment":"scroll","background-type":"","background-media":"","overlay-type":"","overlay-color":"","overlay-opacity":"","overlay-gradient":""},"tablet":{"background-color":"","background-image":"","background-repeat":"repeat","background-position":"center center","background-size":"auto","background-attachment":"scroll","background-type":"","background-media":"","overlay-type":"","overlay-color":"","overlay-opacity":"","overlay-gradient":""},"mobile":{"background-color":"","background-image":"","background-repeat":"repeat","background-position":"center center","background-size":"auto","background-attachment":"scroll","background-type":"","background-media":"","overlay-type":"","overlay-color":"","overlay-opacity":"","overlay-gradient":""}},"ast-content-background-meta":{"desktop":{"background-color":"var(--ast-global-color-4)","background-image":"","background-repeat":"repeat","background-position":"center center","background-size":"auto","background-attachment":"scroll","background-type":"","background-media":"","overlay-type":"","overlay-color":"","overlay-opacity":"","overlay-gradient":""},"tablet":{"background-color":"var(--ast-global-color-4)","background-image":"","background-repeat":"repeat","background-position":"center center","background-size":"auto","background-attachment":"scroll","background-type":"","background-media":"","overlay-type":"","overlay-color":"","overlay-opacity":"","overlay-gradient":""},"mobile":{"background-color":"var(--ast-global-color-4)","background-image":"","background-repeat":"repeat","background-position":"center center","background-size":"auto","background-attachment":"scroll","background-type":"","background-media":"","overlay-type":"","overlay-color":"","overlay-opacity":"","overlay-gradient":""}},"footnotes":""},"class_list":["post-2654","page","type-page","status-publish","hentry"],"_links":{"self":[{"href":"https:\/\/www.vienne-en-transition.fr\/index.php\/wp-json\/wp\/v2\/pages\/2654","targetHints":{"allow":["GET"]}}],"collection":[{"href":"https:\/\/www.vienne-en-transition.fr\/index.php\/wp-json\/wp\/v2\/pages"}],"about":[{"href":"https:\/\/www.vienne-en-transition.fr\/index.php\/wp-json\/wp\/v2\/types\/page"}],"author":[{"embeddable":true,"href":"https:\/\/www.vienne-en-transition.fr\/index.php\/wp-json\/wp\/v2\/users\/1"}],"replies":[{"embeddable":true,"href":"https:\/\/www.vienne-en-transition.fr\/index.php\/wp-json\/wp\/v2\/comments?post=2654"}],"version-history":[{"count":1,"href":"https:\/\/www.vienne-en-transition.fr\/index.php\/wp-json\/wp\/v2\/pages\/2654\/revisions"}],"predecessor-version":[{"id":2655,"href":"https:\/\/www.vienne-en-transition.fr\/index.php\/wp-json\/wp\/v2\/pages\/2654\/revisions\/2655"}],"wp:attachment":[{"href":"https:\/\/www.vienne-en-transition.fr\/index.php\/wp-json\/wp\/v2\/media?parent=2654"}],"curies":[{"name":"wp","href":"https:\/\/api.w.org\/{rel}","templated":true}]}}

<p class="has-text-align-left"><img decoding="async" src="https://www.vienne-en-transition.fr/wp-content/uploads/2021/05/profil-srhallab.jpg" alt="Sarah Rhallab"><br><a href="https://www.facebook.com/profile.php?id=100012629643980"></a><br>Étudiante en Master 2 d’administration publique à l&rsquo;Institut de Préparation à l&rsquo;Administration Générale (IPAG) de Poitiers<br>Au Conseil départemental, Sarah Rhallab est membre de :<br>&#8211; la Commission permanente,<br>&#8211; la commission Aménagement et Inclusion numériques,<br>&#8211; la commission Insertion, Emploi, Pôles économiques,<br>&#8211; la commission Jeunesse, Sport, Citoyenneté,<br>&#8211; la commission des Finances.<br>En tant que conseillère départementale, elle siège :<br>&#8211; au Collège public Jules Verne de Buxerolles,<br>&#8211; au Collège public Pierre de Ronsard de Poitiers,<br>&#8211; au Conseil Académique de l’Éducation Nationale (CAEN),<br>&#8211; au Conseil Départemental de l&rsquo;Education Nationale (CDEN),<br>&#8211; au Fonds départemental d&rsquo;aide aux accédants à la propriété en difficulté (FDAC 86),<br>&#8211; au Comité responsable du Plan Départemental d&rsquo;Action pour le Logement et l&rsquo;Hébergement des Personnes Défavorisées (PDALHPD).</p>



<p></p>



<h2 class="wp-block-heading">Anne Joulain &#8211; Remplaçante</h2>



<div class="wp-block-media-text alignwide is-stacked-on-mobile" style="grid-template-columns:15% auto"><figure class="wp-block-media-text__media"><img loading="lazy" decoding="async" width="243" height="243" src="https://www.vienne-en-transition.fr/wp-content/uploads/2021/05/profil-ajoulain.jpg" alt="Anne Joulain" class="wp-image-1759 size-full" srcset="https://www.vienne-en-transition.fr/wp-content/uploads/2021/05/profil-ajoulain.jpg 243w, https://www.vienne-en-transition.fr/wp-content/uploads/2021/05/profil-ajoulain-150x150.jpg 150w, https://www.vienne-en-transition.fr/wp-content/uploads/2021/05/profil-ajoulain-100x100.jpg 100w" sizes="auto, (max-width: 243px) 100vw, 243px" /></figure><div class="wp-block-media-text__content">
<p>50 ans, habitante de Poitiers Ouest.<br>Enseignante chercheuse à l’Université de Poitiers.<br>Militante syndicale. Ancienne conseillère municipale de Poitiers déléguée à la petite enfance et à la santé (2008-2014).</p>
</div></div>

<p>Étudiante en Master 2 d’administration publique à l&rsquo;Institut de Préparation à l&rsquo;Administration Générale (IPAG) de PoitiersAu Conseil départemental, Sarah Rhallab [&hellip;]</p>
