{"id":1523,"date":"2021-04-24T11:23:09","date_gmt":"2021-04-24T09:23:09","guid":{"rendered":"https:\/\/www.vienne-en-transition.fr\/?page_id=1523"},"modified":"2021-06-04T09:22:37","modified_gmt":"2021-06-04T07:22:37","slug":"vivonne","status":"publish","type":"page","link":"https:\/\/www.vienne-en-transition.fr\/index.php\/candidats\/vivonne\/","title":{"rendered":"Vivonne"},"content":{"rendered":"\n<figure class=\"wp-block-image size-large\"><img loading=\"lazy\" decoding=\"async\" width=\"1000\" height=\"350\" src=\"https:\/\/www.vienne-en-transition.fr\/wp-content\/uploads\/2021\/05\/bann-vivonne.jpg\" alt=\"\" class=\"wp-image-1588\" srcset=\"https:\/\/www.vienne-en-transition.fr\/wp-content\/uploads\/2021\/05\/bann-vivonne.jpg 1000w, https:\/\/www.vienne-en-transition.fr\/wp-content\/uploads\/2021\/05\/bann-vivonne-300x105.jpg 300w, https:\/\/www.vienne-en-transition.fr\/wp-content\/uploads\/2021\/05\/bann-vivonne-768x269.jpg 768w\" sizes=\"auto, (max-width: 1000px) 100vw, 1000px\" \/><\/figure>\n\n\n\n<p><a href=\"https:\/\/www.facebook.com\/VETVivonne\/\"><img loading=\"lazy\" decoding=\"async\" width=\"40\" height=\"40\" class=\"wp-image-1875\" style=\"width: 40px;\" src=\"https:\/\/www.vienne-en-transition.fr\/wp-content\/uploads\/2021\/05\/picto-facebook.png\" alt=\"Facebook\" srcset=\"https:\/\/www.vienne-en-transition.fr\/wp-content\/uploads\/2021\/05\/picto-facebook.png 200w, https:\/\/www.vienne-en-transition.fr\/wp-content\/uploads\/2021\/05\/picto-facebook-150x150.png 150w, https:\/\/www.vienne-en-transition.fr\/wp-content\/uploads\/2021\/05\/picto-facebook-100x100.png 100w\" sizes=\"auto, (max-width: 40px) 100vw, 40px\" \/><\/a><img loading=\"lazy\" decoding=\"async\" width=\"20\" height=\"40\" class=\"wp-image-1868\" style=\"width: 20px;\" src=\"https:\/\/www.vienne-en-transition.fr\/wp-content\/uploads\/2021\/05\/picto-espace.png\" alt=\"\"><a href=\"https:\/\/twitter.com\/UVivonne\"><img loading=\"lazy\" decoding=\"async\" width=\"40\" height=\"40\" class=\"wp-image-1877\" style=\"width: 40px;\" src=\"https:\/\/www.vienne-en-transition.fr\/wp-content\/uploads\/2021\/05\/picto-twitter.png\" alt=\"\" srcset=\"https:\/\/www.vienne-en-transition.fr\/wp-content\/uploads\/2021\/05\/picto-twitter.png 200w, https:\/\/www.vienne-en-transition.fr\/wp-content\/uploads\/2021\/05\/picto-twitter-150x150.png 150w, https:\/\/www.vienne-en-transition.fr\/wp-content\/uploads\/2021\/05\/picto-twitter-100x100.png 100w\" sizes=\"auto, (max-width: 40px) 100vw, 40px\" \/><\/a><img loading=\"lazy\" decoding=\"async\" width=\"175\" height=\"40\" class=\"wp-image-1973\" style=\"width: 175px;\" src=\"https:\/\/www.vienne-en-transition.fr\/wp-content\/uploads\/2021\/06\/texte-reseauxsociaux.png\" alt=\"Suivez la campagne sur les r\u00e9seaux sociaux\" srcset=\"https:\/\/www.vienne-en-transition.fr\/wp-content\/uploads\/2021\/06\/texte-reseauxsociaux.png 350w, https:\/\/www.vienne-en-transition.fr\/wp-content\/uploads\/2021\/06\/texte-reseauxsociaux-300x69.png 300w\" sizes=\"auto, (max-width: 175px) 100vw, 175px\" \/><\/p>\n\n\n\n<h2 class=\"wp-block-heading\">Catherine Chevalier &#8211; Titulaire<\/h2>\n\n\n\n<div class=\"wp-block-media-text alignwide is-stacked-on-mobile\" style=\"grid-template-columns:15% auto\"><figure class=\"wp-block-media-text__media\"><img loading=\"lazy\" decoding=\"async\" width=\"243\" height=\"242\" src=\"https:\/\/www.vienne-en-transition.fr\/wp-content\/uploads\/2021\/05\/profil-cchevalier.jpg\" alt=\"Catherine Chevalier\" class=\"wp-image-1783 size-full\" srcset=\"https:\/\/www.vienne-en-transition.fr\/wp-content\/uploads\/2021\/05\/profil-cchevalier.jpg 243w, https:\/\/www.vienne-en-transition.fr\/wp-content\/uploads\/2021\/05\/profil-cchevalier-150x150.jpg 150w, https:\/\/www.vienne-en-transition.fr\/wp-content\/uploads\/2021\/05\/profil-cchevalier-100x100.jpg 100w\" sizes=\"auto, (max-width: 243px) 100vw, 243px\" \/><\/figure><div class=\"wp-block-media-text__content\">\n<p>57 ans, employ\u00e9e administrative au GIE Ovin du Centre-Ouest. Ancienne \u00e9lue<br>municipale et pr\u00e9sidente de la Maison des Loisirs \u00e0 Queaux. Syndicaliste CGT.<br>Membre du parti communiste. Habite \u00e0 Vernon<\/p>\n<\/div><\/div>\n\n\n\n<h2 class=\"wp-block-heading\">Patrick Jean &#8211; Titulaire<\/h2>\n\n\n\n<div class=\"wp-block-media-text alignwide is-stacked-on-mobile\" style=\"grid-template-columns:15% auto\"><figure class=\"wp-block-media-text__media\"><img loading=\"lazy\" decoding=\"async\" width=\"243\" height=\"243\" src=\"https:\/\/www.vienne-en-transition.fr\/wp-content\/uploads\/2021\/05\/profil-pjean.jpg\" alt=\"Patrick Jean\" class=\"wp-image-1784 size-full\" srcset=\"https:\/\/www.vienne-en-transition.fr\/wp-content\/uploads\/2021\/05\/profil-pjean.jpg 243w, https:\/\/www.vienne-en-transition.fr\/wp-content\/uploads\/2021\/05\/profil-pjean-150x150.jpg 150w, https:\/\/www.vienne-en-transition.fr\/wp-content\/uploads\/2021\/05\/profil-pjean-100x100.jpg 100w\" sizes=\"auto, (max-width: 243px) 100vw, 243px\" \/><\/figure><div class=\"wp-block-media-text__content\">\n<p>64 ans, enseignant de math\u00e9matiques retrait\u00e9. Chanteur, auteur-compositeur.<br>Pr\u00e9sident d\u2019association culturelle. R\u00e9side \u00e0 Vivonne depuis 1988. Insoumis (La France Insoumise).<\/p>\n<\/div><\/div>\n\n\n\n<h2 class=\"wp-block-heading\">H\u00e9lo\u00efse Maurouard &#8211; Rempla\u00e7ante<\/h2>\n\n\n\n<div class=\"wp-block-media-text alignwide is-stacked-on-mobile\" style=\"grid-template-columns:15% auto\"><figure class=\"wp-block-media-text__media\"><img loading=\"lazy\" decoding=\"async\" width=\"243\" height=\"243\" src=\"https:\/\/www.vienne-en-transition.fr\/wp-content\/uploads\/2021\/05\/profil-hmaurouard.jpg\" alt=\"H\u00e9lo\u00efse Maurouard\" class=\"wp-image-1785 size-full\" srcset=\"https:\/\/www.vienne-en-transition.fr\/wp-content\/uploads\/2021\/05\/profil-hmaurouard.jpg 243w, https:\/\/www.vienne-en-transition.fr\/wp-content\/uploads\/2021\/05\/profil-hmaurouard-150x150.jpg 150w, https:\/\/www.vienne-en-transition.fr\/wp-content\/uploads\/2021\/05\/profil-hmaurouard-100x100.jpg 100w\" sizes=\"auto, (max-width: 243px) 100vw, 243px\" \/><\/figure><div class=\"wp-block-media-text__content\">\n<p>37 ans, maman de 2 enfants. Charg\u00e9e de missions dans le domaine de la Biodiversit\u00e9 depuis 15 ans. Co-pr\u00e9sidente de la Campagne glyphosate 86. Soutien aux associations d\u2019aides aux plus d\u00e9munis.<\/p>\n<\/div><\/div>\n\n\n\n<h2 class=\"wp-block-heading\">Jean-Philippe Faure &#8211; Rempla\u00e7ant<\/h2>\n\n\n\n<div class=\"wp-block-media-text alignwide is-stacked-on-mobile\" style=\"grid-template-columns:15% auto\"><figure class=\"wp-block-media-text__media\"><img loading=\"lazy\" decoding=\"async\" width=\"243\" height=\"243\" src=\"https:\/\/www.vienne-en-transition.fr\/wp-content\/uploads\/2021\/05\/profil-jffaure.jpg\" alt=\"Jean-Philippe Faure\" class=\"wp-image-1787 size-full\" srcset=\"https:\/\/www.vienne-en-transition.fr\/wp-content\/uploads\/2021\/05\/profil-jffaure.jpg 243w, https:\/\/www.vienne-en-transition.fr\/wp-content\/uploads\/2021\/05\/profil-jffaure-150x150.jpg 150w, https:\/\/www.vienne-en-transition.fr\/wp-content\/uploads\/2021\/05\/profil-jffaure-100x100.jpg 100w\" sizes=\"auto, (max-width: 243px) 100vw, 243px\" \/><\/figure><div class=\"wp-block-media-text__content\">\n<p>58 ans, ma\u00eetre ouvrier en blanchisserie au CHU. Militant CGT depuis plus de 20 ans. Ancien pr\u00e9sident de comit\u00e9s des f\u00eates. Membre du parti communiste. Habite \u00e0 Vernon.<\/p>\n<\/div><\/div>\n","protected":false},"excerpt":{"rendered":"<p>Catherine Chevalier &#8211; Titulaire 57 ans, employ\u00e9e administrative au GIE Ovin du Centre-Ouest. Ancienne \u00e9luemunicipale et pr\u00e9sidente de la Maison [&hellip;]<\/p>\n","protected":false},"author":1,"featured_media":0,"parent":1486,"menu_order":0,"comment_status":"closed","ping_status":"closed","template":"","meta":{"site-sidebar-layout":"default","site-content-layout":"","ast-site-content-layout":"","site-content-style":"default","site-sidebar-style":"default","ast-global-header-display":"","ast-banner-title-visibility":"","ast-main-header-display":"","ast-hfb-above-header-display":"","ast-hfb-below-header-display":"","ast-hfb-mobile-header-display":"","site-post-title":"","ast-breadcrumbs-content":"","ast-featured-img":"","footer-sml-layout":"","theme-transparent-header-meta":"","adv-header-id-meta":"","stick-header-meta":"","header-above-stick-meta":"","header-main-stick-meta":"","header-below-stick-meta":"","astra-migrate-meta-layouts":"default","ast-page-background-enabled":"default","ast-page-background-meta":{"desktop":{"background-color":"var(--ast-global-color-5)","background-image":"","background-repeat":"repeat","background-position":"center center","background-size":"auto","background-attachment":"scroll","background-type":"","background-media":"","overlay-type":"","overlay-color":"","overlay-opacity":"","overlay-gradient":""},"tablet":{"background-color":"","background-image":"","background-repeat":"repeat","background-position":"center center","background-size":"auto","background-attachment":"scroll","background-type":"","background-media":"","overlay-type":"","overlay-color":"","overlay-opacity":"","overlay-gradient":""},"mobile":{"background-color":"","background-image":"","background-repeat":"repeat","background-position":"center center","background-size":"auto","background-attachment":"scroll","background-type":"","background-media":"","overlay-type":"","overlay-color":"","overlay-opacity":"","overlay-gradient":""}},"ast-content-background-meta":{"desktop":{"background-color":"var(--ast-global-color-4)","background-image":"","background-repeat":"repeat","background-position":"center center","background-size":"auto","background-attachment":"scroll","background-type":"","background-media":"","overlay-type":"","overlay-color":"","overlay-opacity":"","overlay-gradient":""},"tablet":{"background-color":"var(--ast-global-color-4)","background-image":"","background-repeat":"repeat","background-position":"center center","background-size":"auto","background-attachment":"scroll","background-type":"","background-media":"","overlay-type":"","overlay-color":"","overlay-opacity":"","overlay-gradient":""},"mobile":{"background-color":"var(--ast-global-color-4)","background-image":"","background-repeat":"repeat","background-position":"center center","background-size":"auto","background-attachment":"scroll","background-type":"","background-media":"","overlay-type":"","overlay-color":"","overlay-opacity":"","overlay-gradient":""}},"footnotes":""},"class_list":["post-1523","page","type-page","status-publish","hentry"],"_links":{"self":[{"href":"https:\/\/www.vienne-en-transition.fr\/index.php\/wp-json\/wp\/v2\/pages\/1523","targetHints":{"allow":["GET"]}}],"collection":[{"href":"https:\/\/www.vienne-en-transition.fr\/index.php\/wp-json\/wp\/v2\/pages"}],"about":[{"href":"https:\/\/www.vienne-en-transition.fr\/index.php\/wp-json\/wp\/v2\/types\/page"}],"author":[{"embeddable":true,"href":"https:\/\/www.vienne-en-transition.fr\/index.php\/wp-json\/wp\/v2\/users\/1"}],"replies":[{"embeddable":true,"href":"https:\/\/www.vienne-en-transition.fr\/index.php\/wp-json\/wp\/v2\/comments?post=1523"}],"version-history":[{"count":8,"href":"https:\/\/www.vienne-en-transition.fr\/index.php\/wp-json\/wp\/v2\/pages\/1523\/revisions"}],"predecessor-version":[{"id":1993,"href":"https:\/\/www.vienne-en-transition.fr\/index.php\/wp-json\/wp\/v2\/pages\/1523\/revisions\/1993"}],"up":[{"embeddable":true,"href":"https:\/\/www.vienne-en-transition.fr\/index.php\/wp-json\/wp\/v2\/pages\/1486"}],"wp:attachment":[{"href":"https:\/\/www.vienne-en-transition.fr\/index.php\/wp-json\/wp\/v2\/media?parent=1523"}],"curies":[{"name":"wp","href":"https:\/\/api.w.org\/{rel}","templated":true}]}}

<figure class="wp-block-image size-large"><img loading="lazy" decoding="async" width="1000" height="350" src="https://www.vienne-en-transition.fr/wp-content/uploads/2021/05/bann-vivonne.jpg" alt="" class="wp-image-1588" srcset="https://www.vienne-en-transition.fr/wp-content/uploads/2021/05/bann-vivonne.jpg 1000w, https://www.vienne-en-transition.fr/wp-content/uploads/2021/05/bann-vivonne-300x105.jpg 300w, https://www.vienne-en-transition.fr/wp-content/uploads/2021/05/bann-vivonne-768x269.jpg 768w" sizes="auto, (max-width: 1000px) 100vw, 1000px" /></figure>



<p><a href="https://www.facebook.com/VETVivonne/"><img loading="lazy" decoding="async" width="40" height="40" class="wp-image-1875" style="width: 40px;" src="https://www.vienne-en-transition.fr/wp-content/uploads/2021/05/picto-facebook.png" alt="Facebook" srcset="https://www.vienne-en-transition.fr/wp-content/uploads/2021/05/picto-facebook.png 200w, https://www.vienne-en-transition.fr/wp-content/uploads/2021/05/picto-facebook-150x150.png 150w, https://www.vienne-en-transition.fr/wp-content/uploads/2021/05/picto-facebook-100x100.png 100w" sizes="auto, (max-width: 40px) 100vw, 40px" /></a><img loading="lazy" decoding="async" width="20" height="40" class="wp-image-1868" style="width: 20px;" src="https://www.vienne-en-transition.fr/wp-content/uploads/2021/05/picto-espace.png" alt=""><a href="https://twitter.com/UVivonne"><img loading="lazy" decoding="async" width="40" height="40" class="wp-image-1877" style="width: 40px;" src="https://www.vienne-en-transition.fr/wp-content/uploads/2021/05/picto-twitter.png" alt="" srcset="https://www.vienne-en-transition.fr/wp-content/uploads/2021/05/picto-twitter.png 200w, https://www.vienne-en-transition.fr/wp-content/uploads/2021/05/picto-twitter-150x150.png 150w, https://www.vienne-en-transition.fr/wp-content/uploads/2021/05/picto-twitter-100x100.png 100w" sizes="auto, (max-width: 40px) 100vw, 40px" /></a><img loading="lazy" decoding="async" width="175" height="40" class="wp-image-1973" style="width: 175px;" src="https://www.vienne-en-transition.fr/wp-content/uploads/2021/06/texte-reseauxsociaux.png" alt="Suivez la campagne sur les réseaux sociaux" srcset="https://www.vienne-en-transition.fr/wp-content/uploads/2021/06/texte-reseauxsociaux.png 350w, https://www.vienne-en-transition.fr/wp-content/uploads/2021/06/texte-reseauxsociaux-300x69.png 300w" sizes="auto, (max-width: 175px) 100vw, 175px" /></p>



<h2 class="wp-block-heading">Catherine Chevalier &#8211; Titulaire</h2>



<div class="wp-block-media-text alignwide is-stacked-on-mobile" style="grid-template-columns:15% auto"><figure class="wp-block-media-text__media"><img loading="lazy" decoding="async" width="243" height="242" src="https://www.vienne-en-transition.fr/wp-content/uploads/2021/05/profil-cchevalier.jpg" alt="Catherine Chevalier" class="wp-image-1783 size-full" srcset="https://www.vienne-en-transition.fr/wp-content/uploads/2021/05/profil-cchevalier.jpg 243w, https://www.vienne-en-transition.fr/wp-content/uploads/2021/05/profil-cchevalier-150x150.jpg 150w, https://www.vienne-en-transition.fr/wp-content/uploads/2021/05/profil-cchevalier-100x100.jpg 100w" sizes="auto, (max-width: 243px) 100vw, 243px" /></figure><div class="wp-block-media-text__content">
<p>57 ans, employée administrative au GIE Ovin du Centre-Ouest. Ancienne élue<br>municipale et présidente de la Maison des Loisirs à Queaux. Syndicaliste CGT.<br>Membre du parti communiste. Habite à Vernon</p>
</div></div>



<h2 class="wp-block-heading">Patrick Jean &#8211; Titulaire</h2>



<div class="wp-block-media-text alignwide is-stacked-on-mobile" style="grid-template-columns:15% auto"><figure class="wp-block-media-text__media"><img loading="lazy" decoding="async" width="243" height="243" src="https://www.vienne-en-transition.fr/wp-content/uploads/2021/05/profil-pjean.jpg" alt="Patrick Jean" class="wp-image-1784 size-full" srcset="https://www.vienne-en-transition.fr/wp-content/uploads/2021/05/profil-pjean.jpg 243w, https://www.vienne-en-transition.fr/wp-content/uploads/2021/05/profil-pjean-150x150.jpg 150w, https://www.vienne-en-transition.fr/wp-content/uploads/2021/05/profil-pjean-100x100.jpg 100w" sizes="auto, (max-width: 243px) 100vw, 243px" /></figure><div class="wp-block-media-text__content">
<p>64 ans, enseignant de mathématiques retraité. Chanteur, auteur-compositeur.<br>Président d’association culturelle. Réside à Vivonne depuis 1988. Insoumis (La France Insoumise).</p>
</div></div>



<h2 class="wp-block-heading">Héloïse Maurouard &#8211; Remplaçante</h2>



<div class="wp-block-media-text alignwide is-stacked-on-mobile" style="grid-template-columns:15% auto"><figure class="wp-block-media-text__media"><img loading="lazy" decoding="async" width="243" height="243" src="https://www.vienne-en-transition.fr/wp-content/uploads/2021/05/profil-hmaurouard.jpg" alt="Héloïse Maurouard" class="wp-image-1785 size-full" srcset="https://www.vienne-en-transition.fr/wp-content/uploads/2021/05/profil-hmaurouard.jpg 243w, https://www.vienne-en-transition.fr/wp-content/uploads/2021/05/profil-hmaurouard-150x150.jpg 150w, https://www.vienne-en-transition.fr/wp-content/uploads/2021/05/profil-hmaurouard-100x100.jpg 100w" sizes="auto, (max-width: 243px) 100vw, 243px" /></figure><div class="wp-block-media-text__content">
<p>37 ans, maman de 2 enfants. Chargée de missions dans le domaine de la Biodiversité depuis 15 ans. Co-présidente de la Campagne glyphosate 86. Soutien aux associations d’aides aux plus démunis.</p>
</div></div>



<h2 class="wp-block-heading">Jean-Philippe Faure &#8211; Remplaçant</h2>



<div class="wp-block-media-text alignwide is-stacked-on-mobile" style="grid-template-columns:15% auto"><figure class="wp-block-media-text__media"><img loading="lazy" decoding="async" width="243" height="243" src="https://www.vienne-en-transition.fr/wp-content/uploads/2021/05/profil-jffaure.jpg" alt="Jean-Philippe Faure" class="wp-image-1787 size-full" srcset="https://www.vienne-en-transition.fr/wp-content/uploads/2021/05/profil-jffaure.jpg 243w, https://www.vienne-en-transition.fr/wp-content/uploads/2021/05/profil-jffaure-150x150.jpg 150w, https://www.vienne-en-transition.fr/wp-content/uploads/2021/05/profil-jffaure-100x100.jpg 100w" sizes="auto, (max-width: 243px) 100vw, 243px" /></figure><div class="wp-block-media-text__content">
<p>58 ans, maître ouvrier en blanchisserie au CHU. Militant CGT depuis plus de 20 ans. Ancien président de comités des fêtes. Membre du parti communiste. Habite à Vernon.</p>
</div></div>

<p>Catherine Chevalier &#8211; Titulaire 57 ans, employée administrative au GIE Ovin du Centre-Ouest. Ancienne éluemunicipale et présidente de la Maison [&hellip;]</p>
