{"id":1519,"date":"2021-04-24T11:22:41","date_gmt":"2021-04-24T09:22:41","guid":{"rendered":"https:\/\/www.vienne-en-transition.fr\/?page_id=1519"},"modified":"2021-06-04T09:22:04","modified_gmt":"2021-06-04T07:22:04","slug":"poitiers-4","status":"publish","type":"page","link":"https:\/\/www.vienne-en-transition.fr\/index.php\/candidats\/poitiers-4\/","title":{"rendered":"Poitiers 4"},"content":{"rendered":"\n<figure class=\"wp-block-image size-large\"><img loading=\"lazy\" decoding=\"async\" width=\"1000\" height=\"350\" src=\"https:\/\/www.vienne-en-transition.fr\/wp-content\/uploads\/2021\/05\/bann-poitiers4.jpg\" alt=\"\" class=\"wp-image-1586\" srcset=\"https:\/\/www.vienne-en-transition.fr\/wp-content\/uploads\/2021\/05\/bann-poitiers4.jpg 1000w, https:\/\/www.vienne-en-transition.fr\/wp-content\/uploads\/2021\/05\/bann-poitiers4-300x105.jpg 300w, https:\/\/www.vienne-en-transition.fr\/wp-content\/uploads\/2021\/05\/bann-poitiers4-768x269.jpg 768w\" sizes=\"auto, (max-width: 1000px) 100vw, 1000px\" \/><\/figure>\n\n\n\n<p><a href=\"https:\/\/www.facebook.com\/VienneEnTransitionPoitiers4\/\"><img loading=\"lazy\" decoding=\"async\" width=\"40\" height=\"40\" class=\"wp-image-1875\" style=\"width: 40px;\" src=\"https:\/\/www.vienne-en-transition.fr\/wp-content\/uploads\/2021\/05\/picto-facebook.png\" alt=\"Facebook\" srcset=\"https:\/\/www.vienne-en-transition.fr\/wp-content\/uploads\/2021\/05\/picto-facebook.png 200w, https:\/\/www.vienne-en-transition.fr\/wp-content\/uploads\/2021\/05\/picto-facebook-150x150.png 150w, https:\/\/www.vienne-en-transition.fr\/wp-content\/uploads\/2021\/05\/picto-facebook-100x100.png 100w\" sizes=\"auto, (max-width: 40px) 100vw, 40px\" \/><\/a><img loading=\"lazy\" decoding=\"async\" width=\"20\" height=\"40\" class=\"wp-image-1868\" style=\"width: 20px;\" src=\"https:\/\/www.vienne-en-transition.fr\/wp-content\/uploads\/2021\/05\/picto-espace.png\" alt=\"\"><a href=\"https:\/\/twitter.com\/4Vienne\"><img loading=\"lazy\" decoding=\"async\" width=\"40\" height=\"40\" class=\"wp-image-1877\" style=\"width: 40px;\" src=\"https:\/\/www.vienne-en-transition.fr\/wp-content\/uploads\/2021\/05\/picto-twitter.png\" alt=\"Twitter\" srcset=\"https:\/\/www.vienne-en-transition.fr\/wp-content\/uploads\/2021\/05\/picto-twitter.png 200w, https:\/\/www.vienne-en-transition.fr\/wp-content\/uploads\/2021\/05\/picto-twitter-150x150.png 150w, https:\/\/www.vienne-en-transition.fr\/wp-content\/uploads\/2021\/05\/picto-twitter-100x100.png 100w\" sizes=\"auto, (max-width: 40px) 100vw, 40px\" \/><\/a><img loading=\"lazy\" decoding=\"async\" width=\"175\" height=\"40\" class=\"wp-image-1973\" style=\"width: 175px;\" src=\"https:\/\/www.vienne-en-transition.fr\/wp-content\/uploads\/2021\/06\/texte-reseauxsociaux.png\" alt=\"Suivez la campagne sur les r\u00e9seaux sociaux\" srcset=\"https:\/\/www.vienne-en-transition.fr\/wp-content\/uploads\/2021\/06\/texte-reseauxsociaux.png 350w, https:\/\/www.vienne-en-transition.fr\/wp-content\/uploads\/2021\/06\/texte-reseauxsociaux-300x69.png 300w\" sizes=\"auto, (max-width: 175px) 100vw, 175px\" \/><\/p>\n\n\n\n<h2 class=\"wp-block-heading\">Marine Laclautre &#8211; Titulaire<\/h2>\n\n\n\n<div class=\"wp-block-media-text alignwide is-stacked-on-mobile\" style=\"grid-template-columns:15% auto\"><figure class=\"wp-block-media-text__media\"><img loading=\"lazy\" decoding=\"async\" width=\"243\" height=\"243\" src=\"https:\/\/www.vienne-en-transition.fr\/wp-content\/uploads\/2021\/05\/profil-mlaclautre.jpg\" alt=\"Marine Laclautre\" class=\"wp-image-1771 size-full\" srcset=\"https:\/\/www.vienne-en-transition.fr\/wp-content\/uploads\/2021\/05\/profil-mlaclautre.jpg 243w, https:\/\/www.vienne-en-transition.fr\/wp-content\/uploads\/2021\/05\/profil-mlaclautre-150x150.jpg 150w, https:\/\/www.vienne-en-transition.fr\/wp-content\/uploads\/2021\/05\/profil-mlaclautre-100x100.jpg 100w\" sizes=\"auto, (max-width: 243px) 100vw, 243px\" \/><\/figure><div class=\"wp-block-media-text__content\">\n<p>26 ans, animatrice socio-culturelle, militante associative, citoyenne<br>engag\u00e9e.<\/p>\n<\/div><\/div>\n\n\n\n<h2 class=\"wp-block-heading\">Sylvain Robin &#8211; Titulaire<\/h2>\n\n\n\n<div class=\"wp-block-media-text alignwide is-stacked-on-mobile\" style=\"grid-template-columns:15% auto\"><figure class=\"wp-block-media-text__media\"><img loading=\"lazy\" decoding=\"async\" width=\"243\" height=\"243\" src=\"https:\/\/www.vienne-en-transition.fr\/wp-content\/uploads\/2021\/05\/profil-srobin.jpg\" alt=\"Sylvain Robin\" class=\"wp-image-1772 size-full\" srcset=\"https:\/\/www.vienne-en-transition.fr\/wp-content\/uploads\/2021\/05\/profil-srobin.jpg 243w, https:\/\/www.vienne-en-transition.fr\/wp-content\/uploads\/2021\/05\/profil-srobin-150x150.jpg 150w, https:\/\/www.vienne-en-transition.fr\/wp-content\/uploads\/2021\/05\/profil-srobin-100x100.jpg 100w\" sizes=\"auto, (max-width: 243px) 100vw, 243px\" \/><\/figure><div class=\"wp-block-media-text__content\">\n<p>40 ans, r\u00e9f\u00e9rent jeunesse en lyc\u00e9e, militant associatif. Papa engag\u00e9<br>dans l\u2019\u00e9galit\u00e9 familiale.<\/p>\n<\/div><\/div>\n\n\n\n<h2 class=\"wp-block-heading\">Florence Paillat &#8211; Rempla\u00e7ante<\/h2>\n\n\n\n<div class=\"wp-block-media-text alignwide is-stacked-on-mobile\" style=\"grid-template-columns:15% auto\"><figure class=\"wp-block-media-text__media\"><img loading=\"lazy\" decoding=\"async\" width=\"243\" height=\"243\" src=\"https:\/\/www.vienne-en-transition.fr\/wp-content\/uploads\/2021\/05\/profil-fpaillat.jpg\" alt=\"Florence Paillat\" class=\"wp-image-1773 size-full\" srcset=\"https:\/\/www.vienne-en-transition.fr\/wp-content\/uploads\/2021\/05\/profil-fpaillat.jpg 243w, https:\/\/www.vienne-en-transition.fr\/wp-content\/uploads\/2021\/05\/profil-fpaillat-150x150.jpg 150w, https:\/\/www.vienne-en-transition.fr\/wp-content\/uploads\/2021\/05\/profil-fpaillat-100x100.jpg 100w\" sizes=\"auto, (max-width: 243px) 100vw, 243px\" \/><\/figure><div class=\"wp-block-media-text__content\">\n<p>44 ans, professeure de fran\u00e7ais \u00e0 v\u00e9lo engag\u00e9e pour une scolarit\u00e9 \u00e9mancipatrice !<\/p>\n<\/div><\/div>\n\n\n\n<h2 class=\"wp-block-heading\">Vincent Sol &#8211; Rempla\u00e7ant<\/h2>\n\n\n\n<div class=\"wp-block-media-text alignwide is-stacked-on-mobile\" style=\"grid-template-columns:15% auto\"><figure class=\"wp-block-media-text__media\"><img loading=\"lazy\" decoding=\"async\" width=\"243\" height=\"243\" src=\"https:\/\/www.vienne-en-transition.fr\/wp-content\/uploads\/2021\/05\/profil-vsol.jpg\" alt=\"Vincent Sol\" class=\"wp-image-1774 size-full\" srcset=\"https:\/\/www.vienne-en-transition.fr\/wp-content\/uploads\/2021\/05\/profil-vsol.jpg 243w, https:\/\/www.vienne-en-transition.fr\/wp-content\/uploads\/2021\/05\/profil-vsol-150x150.jpg 150w, https:\/\/www.vienne-en-transition.fr\/wp-content\/uploads\/2021\/05\/profil-vsol-100x100.jpg 100w\" sizes=\"auto, (max-width: 243px) 100vw, 243px\" \/><\/figure><div class=\"wp-block-media-text__content\">\n<p>45 ans, formateur en travail social, citoyen sensible \u00e0 l\u2019\u00e9galit\u00e9 dans la vie de la cit\u00e9.<\/p>\n<\/div><\/div>\n\n\n\n<p><\/p>\n","protected":false},"excerpt":{"rendered":"<p>Marine Laclautre &#8211; Titulaire 26 ans, animatrice socio-culturelle, militante associative, citoyenneengag\u00e9e. Sylvain Robin &#8211; Titulaire 40 ans, r\u00e9f\u00e9rent jeunesse en [&hellip;]<\/p>\n","protected":false},"author":1,"featured_media":0,"parent":1486,"menu_order":0,"comment_status":"closed","ping_status":"closed","template":"","meta":{"site-sidebar-layout":"default","site-content-layout":"","ast-site-content-layout":"","site-content-style":"default","site-sidebar-style":"default","ast-global-header-display":"","ast-banner-title-visibility":"","ast-main-header-display":"","ast-hfb-above-header-display":"","ast-hfb-below-header-display":"","ast-hfb-mobile-header-display":"","site-post-title":"","ast-breadcrumbs-content":"","ast-featured-img":"","footer-sml-layout":"","theme-transparent-header-meta":"","adv-header-id-meta":"","stick-header-meta":"","header-above-stick-meta":"","header-main-stick-meta":"","header-below-stick-meta":"","astra-migrate-meta-layouts":"default","ast-page-background-enabled":"default","ast-page-background-meta":{"desktop":{"background-color":"var(--ast-global-color-5)","background-image":"","background-repeat":"repeat","background-position":"center center","background-size":"auto","background-attachment":"scroll","background-type":"","background-media":"","overlay-type":"","overlay-color":"","overlay-opacity":"","overlay-gradient":""},"tablet":{"background-color":"","background-image":"","background-repeat":"repeat","background-position":"center center","background-size":"auto","background-attachment":"scroll","background-type":"","background-media":"","overlay-type":"","overlay-color":"","overlay-opacity":"","overlay-gradient":""},"mobile":{"background-color":"","background-image":"","background-repeat":"repeat","background-position":"center center","background-size":"auto","background-attachment":"scroll","background-type":"","background-media":"","overlay-type":"","overlay-color":"","overlay-opacity":"","overlay-gradient":""}},"ast-content-background-meta":{"desktop":{"background-color":"var(--ast-global-color-4)","background-image":"","background-repeat":"repeat","background-position":"center center","background-size":"auto","background-attachment":"scroll","background-type":"","background-media":"","overlay-type":"","overlay-color":"","overlay-opacity":"","overlay-gradient":""},"tablet":{"background-color":"var(--ast-global-color-4)","background-image":"","background-repeat":"repeat","background-position":"center center","background-size":"auto","background-attachment":"scroll","background-type":"","background-media":"","overlay-type":"","overlay-color":"","overlay-opacity":"","overlay-gradient":""},"mobile":{"background-color":"var(--ast-global-color-4)","background-image":"","background-repeat":"repeat","background-position":"center center","background-size":"auto","background-attachment":"scroll","background-type":"","background-media":"","overlay-type":"","overlay-color":"","overlay-opacity":"","overlay-gradient":""}},"footnotes":""},"class_list":["post-1519","page","type-page","status-publish","hentry"],"_links":{"self":[{"href":"https:\/\/www.vienne-en-transition.fr\/index.php\/wp-json\/wp\/v2\/pages\/1519","targetHints":{"allow":["GET"]}}],"collection":[{"href":"https:\/\/www.vienne-en-transition.fr\/index.php\/wp-json\/wp\/v2\/pages"}],"about":[{"href":"https:\/\/www.vienne-en-transition.fr\/index.php\/wp-json\/wp\/v2\/types\/page"}],"author":[{"embeddable":true,"href":"https:\/\/www.vienne-en-transition.fr\/index.php\/wp-json\/wp\/v2\/users\/1"}],"replies":[{"embeddable":true,"href":"https:\/\/www.vienne-en-transition.fr\/index.php\/wp-json\/wp\/v2\/comments?post=1519"}],"version-history":[{"count":7,"href":"https:\/\/www.vienne-en-transition.fr\/index.php\/wp-json\/wp\/v2\/pages\/1519\/revisions"}],"predecessor-version":[{"id":1991,"href":"https:\/\/www.vienne-en-transition.fr\/index.php\/wp-json\/wp\/v2\/pages\/1519\/revisions\/1991"}],"up":[{"embeddable":true,"href":"https:\/\/www.vienne-en-transition.fr\/index.php\/wp-json\/wp\/v2\/pages\/1486"}],"wp:attachment":[{"href":"https:\/\/www.vienne-en-transition.fr\/index.php\/wp-json\/wp\/v2\/media?parent=1519"}],"curies":[{"name":"wp","href":"https:\/\/api.w.org\/{rel}","templated":true}]}}

<figure class="wp-block-image size-large"><img loading="lazy" decoding="async" width="1000" height="350" src="https://www.vienne-en-transition.fr/wp-content/uploads/2021/05/bann-poitiers4.jpg" alt="" class="wp-image-1586" srcset="https://www.vienne-en-transition.fr/wp-content/uploads/2021/05/bann-poitiers4.jpg 1000w, https://www.vienne-en-transition.fr/wp-content/uploads/2021/05/bann-poitiers4-300x105.jpg 300w, https://www.vienne-en-transition.fr/wp-content/uploads/2021/05/bann-poitiers4-768x269.jpg 768w" sizes="auto, (max-width: 1000px) 100vw, 1000px" /></figure>



<p><a href="https://www.facebook.com/VienneEnTransitionPoitiers4/"><img loading="lazy" decoding="async" width="40" height="40" class="wp-image-1875" style="width: 40px;" src="https://www.vienne-en-transition.fr/wp-content/uploads/2021/05/picto-facebook.png" alt="Facebook" srcset="https://www.vienne-en-transition.fr/wp-content/uploads/2021/05/picto-facebook.png 200w, https://www.vienne-en-transition.fr/wp-content/uploads/2021/05/picto-facebook-150x150.png 150w, https://www.vienne-en-transition.fr/wp-content/uploads/2021/05/picto-facebook-100x100.png 100w" sizes="auto, (max-width: 40px) 100vw, 40px" /></a><img loading="lazy" decoding="async" width="20" height="40" class="wp-image-1868" style="width: 20px;" src="https://www.vienne-en-transition.fr/wp-content/uploads/2021/05/picto-espace.png" alt=""><a href="https://twitter.com/4Vienne"><img loading="lazy" decoding="async" width="40" height="40" class="wp-image-1877" style="width: 40px;" src="https://www.vienne-en-transition.fr/wp-content/uploads/2021/05/picto-twitter.png" alt="Twitter" srcset="https://www.vienne-en-transition.fr/wp-content/uploads/2021/05/picto-twitter.png 200w, https://www.vienne-en-transition.fr/wp-content/uploads/2021/05/picto-twitter-150x150.png 150w, https://www.vienne-en-transition.fr/wp-content/uploads/2021/05/picto-twitter-100x100.png 100w" sizes="auto, (max-width: 40px) 100vw, 40px" /></a><img loading="lazy" decoding="async" width="175" height="40" class="wp-image-1973" style="width: 175px;" src="https://www.vienne-en-transition.fr/wp-content/uploads/2021/06/texte-reseauxsociaux.png" alt="Suivez la campagne sur les réseaux sociaux" srcset="https://www.vienne-en-transition.fr/wp-content/uploads/2021/06/texte-reseauxsociaux.png 350w, https://www.vienne-en-transition.fr/wp-content/uploads/2021/06/texte-reseauxsociaux-300x69.png 300w" sizes="auto, (max-width: 175px) 100vw, 175px" /></p>



<h2 class="wp-block-heading">Marine Laclautre &#8211; Titulaire</h2>



<div class="wp-block-media-text alignwide is-stacked-on-mobile" style="grid-template-columns:15% auto"><figure class="wp-block-media-text__media"><img loading="lazy" decoding="async" width="243" height="243" src="https://www.vienne-en-transition.fr/wp-content/uploads/2021/05/profil-mlaclautre.jpg" alt="Marine Laclautre" class="wp-image-1771 size-full" srcset="https://www.vienne-en-transition.fr/wp-content/uploads/2021/05/profil-mlaclautre.jpg 243w, https://www.vienne-en-transition.fr/wp-content/uploads/2021/05/profil-mlaclautre-150x150.jpg 150w, https://www.vienne-en-transition.fr/wp-content/uploads/2021/05/profil-mlaclautre-100x100.jpg 100w" sizes="auto, (max-width: 243px) 100vw, 243px" /></figure><div class="wp-block-media-text__content">
<p>26 ans, animatrice socio-culturelle, militante associative, citoyenne<br>engagée.</p>
</div></div>



<h2 class="wp-block-heading">Sylvain Robin &#8211; Titulaire</h2>



<div class="wp-block-media-text alignwide is-stacked-on-mobile" style="grid-template-columns:15% auto"><figure class="wp-block-media-text__media"><img loading="lazy" decoding="async" width="243" height="243" src="https://www.vienne-en-transition.fr/wp-content/uploads/2021/05/profil-srobin.jpg" alt="Sylvain Robin" class="wp-image-1772 size-full" srcset="https://www.vienne-en-transition.fr/wp-content/uploads/2021/05/profil-srobin.jpg 243w, https://www.vienne-en-transition.fr/wp-content/uploads/2021/05/profil-srobin-150x150.jpg 150w, https://www.vienne-en-transition.fr/wp-content/uploads/2021/05/profil-srobin-100x100.jpg 100w" sizes="auto, (max-width: 243px) 100vw, 243px" /></figure><div class="wp-block-media-text__content">
<p>40 ans, référent jeunesse en lycée, militant associatif. Papa engagé<br>dans l’égalité familiale.</p>
</div></div>



<h2 class="wp-block-heading">Florence Paillat &#8211; Remplaçante</h2>



<div class="wp-block-media-text alignwide is-stacked-on-mobile" style="grid-template-columns:15% auto"><figure class="wp-block-media-text__media"><img loading="lazy" decoding="async" width="243" height="243" src="https://www.vienne-en-transition.fr/wp-content/uploads/2021/05/profil-fpaillat.jpg" alt="Florence Paillat" class="wp-image-1773 size-full" srcset="https://www.vienne-en-transition.fr/wp-content/uploads/2021/05/profil-fpaillat.jpg 243w, https://www.vienne-en-transition.fr/wp-content/uploads/2021/05/profil-fpaillat-150x150.jpg 150w, https://www.vienne-en-transition.fr/wp-content/uploads/2021/05/profil-fpaillat-100x100.jpg 100w" sizes="auto, (max-width: 243px) 100vw, 243px" /></figure><div class="wp-block-media-text__content">
<p>44 ans, professeure de français à vélo engagée pour une scolarité émancipatrice !</p>
</div></div>



<h2 class="wp-block-heading">Vincent Sol &#8211; Remplaçant</h2>



<div class="wp-block-media-text alignwide is-stacked-on-mobile" style="grid-template-columns:15% auto"><figure class="wp-block-media-text__media"><img loading="lazy" decoding="async" width="243" height="243" src="https://www.vienne-en-transition.fr/wp-content/uploads/2021/05/profil-vsol.jpg" alt="Vincent Sol" class="wp-image-1774 size-full" srcset="https://www.vienne-en-transition.fr/wp-content/uploads/2021/05/profil-vsol.jpg 243w, https://www.vienne-en-transition.fr/wp-content/uploads/2021/05/profil-vsol-150x150.jpg 150w, https://www.vienne-en-transition.fr/wp-content/uploads/2021/05/profil-vsol-100x100.jpg 100w" sizes="auto, (max-width: 243px) 100vw, 243px" /></figure><div class="wp-block-media-text__content">
<p>45 ans, formateur en travail social, citoyen sensible à l’égalité dans la vie de la cité.</p>
</div></div>



<p></p>

<p>Marine Laclautre &#8211; Titulaire 26 ans, animatrice socio-culturelle, militante associative, citoyenneengagée. Sylvain Robin &#8211; Titulaire 40 ans, référent jeunesse en [&hellip;]</p>
