{"id":1492,"date":"2021-04-24T11:17:01","date_gmt":"2021-04-24T09:17:01","guid":{"rendered":"https:\/\/www.vienne-en-transition.fr\/?page_id=1492"},"modified":"2021-06-04T09:18:46","modified_gmt":"2021-06-04T07:18:46","slug":"chatellerault-2","status":"publish","type":"page","link":"https:\/\/www.vienne-en-transition.fr\/index.php\/candidats\/chatellerault-2\/","title":{"rendered":"Ch\u00e2tellerault 2"},"content":{"rendered":"\n<figure class=\"wp-block-image size-large\"><img loading=\"lazy\" decoding=\"async\" width=\"1000\" height=\"350\" src=\"https:\/\/www.vienne-en-transition.fr\/wp-content\/uploads\/2021\/05\/bann-chatellerault2.jpg\" alt=\"\" class=\"wp-image-1574\" srcset=\"https:\/\/www.vienne-en-transition.fr\/wp-content\/uploads\/2021\/05\/bann-chatellerault2.jpg 1000w, https:\/\/www.vienne-en-transition.fr\/wp-content\/uploads\/2021\/05\/bann-chatellerault2-300x105.jpg 300w, https:\/\/www.vienne-en-transition.fr\/wp-content\/uploads\/2021\/05\/bann-chatellerault2-768x269.jpg 768w\" sizes=\"auto, (max-width: 1000px) 100vw, 1000px\" \/><\/figure>\n\n\n\n<p><a href=\"https:\/\/www.facebook.com\/Chatellerault2.LVET\/\"><img loading=\"lazy\" decoding=\"async\" width=\"40\" height=\"40\" class=\"wp-image-1875\" style=\"width: 40px;\" src=\"https:\/\/www.vienne-en-transition.fr\/wp-content\/uploads\/2021\/05\/picto-facebook.png\" alt=\"Facebook\" srcset=\"https:\/\/www.vienne-en-transition.fr\/wp-content\/uploads\/2021\/05\/picto-facebook.png 200w, https:\/\/www.vienne-en-transition.fr\/wp-content\/uploads\/2021\/05\/picto-facebook-150x150.png 150w, https:\/\/www.vienne-en-transition.fr\/wp-content\/uploads\/2021\/05\/picto-facebook-100x100.png 100w\" sizes=\"auto, (max-width: 40px) 100vw, 40px\" \/><\/a><img loading=\"lazy\" decoding=\"async\" width=\"20\" height=\"40\" class=\"wp-image-1868\" style=\"width: 20px;\" src=\"https:\/\/www.vienne-en-transition.fr\/wp-content\/uploads\/2021\/05\/picto-espace.png\" alt=\"\"><a href=\"https:\/\/twitter.com\/LVETChatel2\"><img loading=\"lazy\" decoding=\"async\" width=\"40\" height=\"40\" class=\"wp-image-1877\" style=\"width: 40px;\" src=\"https:\/\/www.vienne-en-transition.fr\/wp-content\/uploads\/2021\/05\/picto-twitter.png\" alt=\"\" srcset=\"https:\/\/www.vienne-en-transition.fr\/wp-content\/uploads\/2021\/05\/picto-twitter.png 200w, https:\/\/www.vienne-en-transition.fr\/wp-content\/uploads\/2021\/05\/picto-twitter-150x150.png 150w, https:\/\/www.vienne-en-transition.fr\/wp-content\/uploads\/2021\/05\/picto-twitter-100x100.png 100w\" sizes=\"auto, (max-width: 40px) 100vw, 40px\" \/><\/a><img loading=\"lazy\" decoding=\"async\" width=\"175\" height=\"40\" class=\"wp-image-1973\" style=\"width: 175px;\" src=\"https:\/\/www.vienne-en-transition.fr\/wp-content\/uploads\/2021\/06\/texte-reseauxsociaux.png\" alt=\"Suivez la campagne sur les r\u00e9seaux sociaux\" srcset=\"https:\/\/www.vienne-en-transition.fr\/wp-content\/uploads\/2021\/06\/texte-reseauxsociaux.png 350w, https:\/\/www.vienne-en-transition.fr\/wp-content\/uploads\/2021\/06\/texte-reseauxsociaux-300x69.png 300w\" sizes=\"auto, (max-width: 175px) 100vw, 175px\" \/><\/p>\n\n\n\n<h2 class=\"wp-block-heading\">Alain Bouchon &#8211; Titulaire<\/h2>\n\n\n\n<div class=\"wp-block-media-text alignwide is-stacked-on-mobile\" style=\"grid-template-columns:15% auto\"><figure class=\"wp-block-media-text__media\"><img loading=\"lazy\" decoding=\"async\" width=\"243\" height=\"243\" src=\"https:\/\/www.vienne-en-transition.fr\/wp-content\/uploads\/2021\/05\/profil-abouchon.jpg\" alt=\"Alain Bouchon\" class=\"wp-image-1691 size-full\" srcset=\"https:\/\/www.vienne-en-transition.fr\/wp-content\/uploads\/2021\/05\/profil-abouchon.jpg 243w, https:\/\/www.vienne-en-transition.fr\/wp-content\/uploads\/2021\/05\/profil-abouchon-150x150.jpg 150w, https:\/\/www.vienne-en-transition.fr\/wp-content\/uploads\/2021\/05\/profil-abouchon-100x100.jpg 100w\" sizes=\"auto, (max-width: 243px) 100vw, 243px\" \/><\/figure><div class=\"wp-block-media-text__content\">\n<p>65 ans, vie maritale, 6 enfants. Retrait\u00e9,<br>Pr\u00e9sident de la SCOP SA ACEASCOP, militant de l\u2019ESS.<\/p>\n<\/div><\/div>\n\n\n\n<h2 class=\"wp-block-heading\">C\u00e9cillia Flusin &#8211; Titulaire<\/h2>\n\n\n\n<div class=\"wp-block-media-text alignwide is-stacked-on-mobile\" style=\"grid-template-columns:15% auto\"><figure class=\"wp-block-media-text__media\"><img loading=\"lazy\" decoding=\"async\" width=\"243\" height=\"243\" src=\"https:\/\/www.vienne-en-transition.fr\/wp-content\/uploads\/2021\/05\/profil-cflusin.jpg\" alt=\"C\u00e9cillia Flusin\" class=\"wp-image-1684 size-full\" srcset=\"https:\/\/www.vienne-en-transition.fr\/wp-content\/uploads\/2021\/05\/profil-cflusin.jpg 243w, https:\/\/www.vienne-en-transition.fr\/wp-content\/uploads\/2021\/05\/profil-cflusin-150x150.jpg 150w, https:\/\/www.vienne-en-transition.fr\/wp-content\/uploads\/2021\/05\/profil-cflusin-100x100.jpg 100w\" sizes=\"auto, (max-width: 243px) 100vw, 243px\" \/><\/figure><div class=\"wp-block-media-text__content\">\n<p>33 ans, mari\u00e9e, 2 enfants.<br>T\u00e9l\u00e9conseill\u00e8re, militante PCF,<br>B\u00e9n\u00e9vole dans une association humanitaire.<\/p>\n<\/div><\/div>\n\n\n\n<h2 class=\"wp-block-heading\">Katie Jamain &#8211; Rempla\u00e7ante<\/h2>\n\n\n\n<div class=\"wp-block-media-text alignwide is-stacked-on-mobile\" style=\"grid-template-columns:15% auto\"><figure class=\"wp-block-media-text__media\"><img loading=\"lazy\" decoding=\"async\" width=\"243\" height=\"243\" src=\"https:\/\/www.vienne-en-transition.fr\/wp-content\/uploads\/2021\/05\/profil-kjamain.jpg\" alt=\"Katie Jamain\" class=\"wp-image-1686 size-full\" srcset=\"https:\/\/www.vienne-en-transition.fr\/wp-content\/uploads\/2021\/05\/profil-kjamain.jpg 243w, https:\/\/www.vienne-en-transition.fr\/wp-content\/uploads\/2021\/05\/profil-kjamain-150x150.jpg 150w, https:\/\/www.vienne-en-transition.fr\/wp-content\/uploads\/2021\/05\/profil-kjamain-100x100.jpg 100w\" sizes=\"auto, (max-width: 243px) 100vw, 243px\" \/><\/figure><div class=\"wp-block-media-text__content\">\n<p>60 ans, vie maritale, ATSEM en \u00e9cole publique \u00e0 Ch\u00e2tellerault,<br>Militante CGT.<\/p>\n<\/div><\/div>\n\n\n\n<h2 class=\"wp-block-heading\">Jordan Pascault &#8211; Rempla\u00e7ant<\/h2>\n\n\n\n<div class=\"wp-block-media-text alignwide is-stacked-on-mobile\" style=\"grid-template-columns:15% auto\"><figure class=\"wp-block-media-text__media\"><img loading=\"lazy\" decoding=\"async\" width=\"243\" height=\"243\" src=\"https:\/\/www.vienne-en-transition.fr\/wp-content\/uploads\/2021\/05\/profil-jpascault.jpg\" alt=\"Jordan Pascault\" class=\"wp-image-1685 size-full\" srcset=\"https:\/\/www.vienne-en-transition.fr\/wp-content\/uploads\/2021\/05\/profil-jpascault.jpg 243w, https:\/\/www.vienne-en-transition.fr\/wp-content\/uploads\/2021\/05\/profil-jpascault-150x150.jpg 150w, https:\/\/www.vienne-en-transition.fr\/wp-content\/uploads\/2021\/05\/profil-jpascault-100x100.jpg 100w\" sizes=\"auto, (max-width: 243px) 100vw, 243px\" \/><\/figure><div class=\"wp-block-media-text__content\">\n<p>22 ans, \u00e9tudiant en m\u00e9decine, membre de Les Ormes Cyclisme, ex-h\u00f4te de caisse \u00e0 Dang\u00e9-Saint-Romain<\/p>\n<\/div><\/div>\n","protected":false},"excerpt":{"rendered":"<p>Alain Bouchon &#8211; Titulaire 65 ans, vie maritale, 6 enfants. Retrait\u00e9,Pr\u00e9sident de la SCOP SA ACEASCOP, militant de l\u2019ESS. C\u00e9cillia [&hellip;]<\/p>\n","protected":false},"author":1,"featured_media":0,"parent":1486,"menu_order":0,"comment_status":"closed","ping_status":"closed","template":"","meta":{"site-sidebar-layout":"default","site-content-layout":"","ast-site-content-layout":"","site-content-style":"default","site-sidebar-style":"default","ast-global-header-display":"","ast-banner-title-visibility":"","ast-main-header-display":"","ast-hfb-above-header-display":"","ast-hfb-below-header-display":"","ast-hfb-mobile-header-display":"","site-post-title":"","ast-breadcrumbs-content":"","ast-featured-img":"","footer-sml-layout":"","theme-transparent-header-meta":"","adv-header-id-meta":"","stick-header-meta":"","header-above-stick-meta":"","header-main-stick-meta":"","header-below-stick-meta":"","astra-migrate-meta-layouts":"default","ast-page-background-enabled":"default","ast-page-background-meta":{"desktop":{"background-color":"var(--ast-global-color-5)","background-image":"","background-repeat":"repeat","background-position":"center center","background-size":"auto","background-attachment":"scroll","background-type":"","background-media":"","overlay-type":"","overlay-color":"","overlay-opacity":"","overlay-gradient":""},"tablet":{"background-color":"","background-image":"","background-repeat":"repeat","background-position":"center center","background-size":"auto","background-attachment":"scroll","background-type":"","background-media":"","overlay-type":"","overlay-color":"","overlay-opacity":"","overlay-gradient":""},"mobile":{"background-color":"","background-image":"","background-repeat":"repeat","background-position":"center center","background-size":"auto","background-attachment":"scroll","background-type":"","background-media":"","overlay-type":"","overlay-color":"","overlay-opacity":"","overlay-gradient":""}},"ast-content-background-meta":{"desktop":{"background-color":"var(--ast-global-color-4)","background-image":"","background-repeat":"repeat","background-position":"center center","background-size":"auto","background-attachment":"scroll","background-type":"","background-media":"","overlay-type":"","overlay-color":"","overlay-opacity":"","overlay-gradient":""},"tablet":{"background-color":"var(--ast-global-color-4)","background-image":"","background-repeat":"repeat","background-position":"center center","background-size":"auto","background-attachment":"scroll","background-type":"","background-media":"","overlay-type":"","overlay-color":"","overlay-opacity":"","overlay-gradient":""},"mobile":{"background-color":"var(--ast-global-color-4)","background-image":"","background-repeat":"repeat","background-position":"center center","background-size":"auto","background-attachment":"scroll","background-type":"","background-media":"","overlay-type":"","overlay-color":"","overlay-opacity":"","overlay-gradient":""}},"footnotes":""},"class_list":["post-1492","page","type-page","status-publish","hentry"],"_links":{"self":[{"href":"https:\/\/www.vienne-en-transition.fr\/index.php\/wp-json\/wp\/v2\/pages\/1492","targetHints":{"allow":["GET"]}}],"collection":[{"href":"https:\/\/www.vienne-en-transition.fr\/index.php\/wp-json\/wp\/v2\/pages"}],"about":[{"href":"https:\/\/www.vienne-en-transition.fr\/index.php\/wp-json\/wp\/v2\/types\/page"}],"author":[{"embeddable":true,"href":"https:\/\/www.vienne-en-transition.fr\/index.php\/wp-json\/wp\/v2\/users\/1"}],"replies":[{"embeddable":true,"href":"https:\/\/www.vienne-en-transition.fr\/index.php\/wp-json\/wp\/v2\/comments?post=1492"}],"version-history":[{"count":8,"href":"https:\/\/www.vienne-en-transition.fr\/index.php\/wp-json\/wp\/v2\/pages\/1492\/revisions"}],"predecessor-version":[{"id":1979,"href":"https:\/\/www.vienne-en-transition.fr\/index.php\/wp-json\/wp\/v2\/pages\/1492\/revisions\/1979"}],"up":[{"embeddable":true,"href":"https:\/\/www.vienne-en-transition.fr\/index.php\/wp-json\/wp\/v2\/pages\/1486"}],"wp:attachment":[{"href":"https:\/\/www.vienne-en-transition.fr\/index.php\/wp-json\/wp\/v2\/media?parent=1492"}],"curies":[{"name":"wp","href":"https:\/\/api.w.org\/{rel}","templated":true}]}}

Châtellerault 2

<figure class="wp-block-image size-large"><img loading="lazy" decoding="async" width="1000" height="350" src="https://www.vienne-en-transition.fr/wp-content/uploads/2021/05/bann-chatellerault2.jpg" alt="" class="wp-image-1574" srcset="https://www.vienne-en-transition.fr/wp-content/uploads/2021/05/bann-chatellerault2.jpg 1000w, https://www.vienne-en-transition.fr/wp-content/uploads/2021/05/bann-chatellerault2-300x105.jpg 300w, https://www.vienne-en-transition.fr/wp-content/uploads/2021/05/bann-chatellerault2-768x269.jpg 768w" sizes="auto, (max-width: 1000px) 100vw, 1000px" /></figure>



<p><a href="https://www.facebook.com/Chatellerault2.LVET/"><img loading="lazy" decoding="async" width="40" height="40" class="wp-image-1875" style="width: 40px;" src="https://www.vienne-en-transition.fr/wp-content/uploads/2021/05/picto-facebook.png" alt="Facebook" srcset="https://www.vienne-en-transition.fr/wp-content/uploads/2021/05/picto-facebook.png 200w, https://www.vienne-en-transition.fr/wp-content/uploads/2021/05/picto-facebook-150x150.png 150w, https://www.vienne-en-transition.fr/wp-content/uploads/2021/05/picto-facebook-100x100.png 100w" sizes="auto, (max-width: 40px) 100vw, 40px" /></a><img loading="lazy" decoding="async" width="20" height="40" class="wp-image-1868" style="width: 20px;" src="https://www.vienne-en-transition.fr/wp-content/uploads/2021/05/picto-espace.png" alt=""><a href="https://twitter.com/LVETChatel2"><img loading="lazy" decoding="async" width="40" height="40" class="wp-image-1877" style="width: 40px;" src="https://www.vienne-en-transition.fr/wp-content/uploads/2021/05/picto-twitter.png" alt="" srcset="https://www.vienne-en-transition.fr/wp-content/uploads/2021/05/picto-twitter.png 200w, https://www.vienne-en-transition.fr/wp-content/uploads/2021/05/picto-twitter-150x150.png 150w, https://www.vienne-en-transition.fr/wp-content/uploads/2021/05/picto-twitter-100x100.png 100w" sizes="auto, (max-width: 40px) 100vw, 40px" /></a><img loading="lazy" decoding="async" width="175" height="40" class="wp-image-1973" style="width: 175px;" src="https://www.vienne-en-transition.fr/wp-content/uploads/2021/06/texte-reseauxsociaux.png" alt="Suivez la campagne sur les réseaux sociaux" srcset="https://www.vienne-en-transition.fr/wp-content/uploads/2021/06/texte-reseauxsociaux.png 350w, https://www.vienne-en-transition.fr/wp-content/uploads/2021/06/texte-reseauxsociaux-300x69.png 300w" sizes="auto, (max-width: 175px) 100vw, 175px" /></p>



<h2 class="wp-block-heading">Alain Bouchon &#8211; Titulaire</h2>



<div class="wp-block-media-text alignwide is-stacked-on-mobile" style="grid-template-columns:15% auto"><figure class="wp-block-media-text__media"><img loading="lazy" decoding="async" width="243" height="243" src="https://www.vienne-en-transition.fr/wp-content/uploads/2021/05/profil-abouchon.jpg" alt="Alain Bouchon" class="wp-image-1691 size-full" srcset="https://www.vienne-en-transition.fr/wp-content/uploads/2021/05/profil-abouchon.jpg 243w, https://www.vienne-en-transition.fr/wp-content/uploads/2021/05/profil-abouchon-150x150.jpg 150w, https://www.vienne-en-transition.fr/wp-content/uploads/2021/05/profil-abouchon-100x100.jpg 100w" sizes="auto, (max-width: 243px) 100vw, 243px" /></figure><div class="wp-block-media-text__content">
<p>65 ans, vie maritale, 6 enfants. Retraité,<br>Président de la SCOP SA ACEASCOP, militant de l’ESS.</p>
</div></div>



<h2 class="wp-block-heading">Cécillia Flusin &#8211; Titulaire</h2>



<div class="wp-block-media-text alignwide is-stacked-on-mobile" style="grid-template-columns:15% auto"><figure class="wp-block-media-text__media"><img loading="lazy" decoding="async" width="243" height="243" src="https://www.vienne-en-transition.fr/wp-content/uploads/2021/05/profil-cflusin.jpg" alt="Cécillia Flusin" class="wp-image-1684 size-full" srcset="https://www.vienne-en-transition.fr/wp-content/uploads/2021/05/profil-cflusin.jpg 243w, https://www.vienne-en-transition.fr/wp-content/uploads/2021/05/profil-cflusin-150x150.jpg 150w, https://www.vienne-en-transition.fr/wp-content/uploads/2021/05/profil-cflusin-100x100.jpg 100w" sizes="auto, (max-width: 243px) 100vw, 243px" /></figure><div class="wp-block-media-text__content">
<p>33 ans, mariée, 2 enfants.<br>Téléconseillère, militante PCF,<br>Bénévole dans une association humanitaire.</p>
</div></div>



<h2 class="wp-block-heading">Katie Jamain &#8211; Remplaçante</h2>



<div class="wp-block-media-text alignwide is-stacked-on-mobile" style="grid-template-columns:15% auto"><figure class="wp-block-media-text__media"><img loading="lazy" decoding="async" width="243" height="243" src="https://www.vienne-en-transition.fr/wp-content/uploads/2021/05/profil-kjamain.jpg" alt="Katie Jamain" class="wp-image-1686 size-full" srcset="https://www.vienne-en-transition.fr/wp-content/uploads/2021/05/profil-kjamain.jpg 243w, https://www.vienne-en-transition.fr/wp-content/uploads/2021/05/profil-kjamain-150x150.jpg 150w, https://www.vienne-en-transition.fr/wp-content/uploads/2021/05/profil-kjamain-100x100.jpg 100w" sizes="auto, (max-width: 243px) 100vw, 243px" /></figure><div class="wp-block-media-text__content">
<p>60 ans, vie maritale, ATSEM en école publique à Châtellerault,<br>Militante CGT.</p>
</div></div>



<h2 class="wp-block-heading">Jordan Pascault &#8211; Remplaçant</h2>



<div class="wp-block-media-text alignwide is-stacked-on-mobile" style="grid-template-columns:15% auto"><figure class="wp-block-media-text__media"><img loading="lazy" decoding="async" width="243" height="243" src="https://www.vienne-en-transition.fr/wp-content/uploads/2021/05/profil-jpascault.jpg" alt="Jordan Pascault" class="wp-image-1685 size-full" srcset="https://www.vienne-en-transition.fr/wp-content/uploads/2021/05/profil-jpascault.jpg 243w, https://www.vienne-en-transition.fr/wp-content/uploads/2021/05/profil-jpascault-150x150.jpg 150w, https://www.vienne-en-transition.fr/wp-content/uploads/2021/05/profil-jpascault-100x100.jpg 100w" sizes="auto, (max-width: 243px) 100vw, 243px" /></figure><div class="wp-block-media-text__content">
<p>22 ans, étudiant en médecine, membre de Les Ormes Cyclisme, ex-hôte de caisse à Dangé-Saint-Romain</p>
</div></div>

<p>Alain Bouchon &#8211; Titulaire 65 ans, vie maritale, 6 enfants. Retraité,Président de la SCOP SA ACEASCOP, militant de l’ESS. Cécillia [&hellip;]</p>
