{"id":1488,"date":"2021-04-24T11:13:07","date_gmt":"2021-04-24T09:13:07","guid":{"rendered":"https:\/\/www.vienne-en-transition.fr\/?page_id=1488"},"modified":"2021-06-04T09:17:58","modified_gmt":"2021-06-04T07:17:58","slug":"chasseneuil","status":"publish","type":"page","link":"https:\/\/www.vienne-en-transition.fr\/index.php\/candidats\/chasseneuil\/","title":{"rendered":"Chasseneuil-du-Poitou"},"content":{"rendered":"\n<figure class=\"wp-block-image size-large\"><img decoding=\"async\" src=\"https:\/\/www.vienne-en-transition.fr\/wp-content\/uploads\/2021\/05\/bann-chasseneuil.jpg\" alt=\"Les candidat-e-s de Chasseneuil\" class=\"wp-image-1553\"\/><\/figure>\n\n\n\n<p><a href=\"https:\/\/www.facebook.com\/LVETchasseneuil\"><img loading=\"lazy\" decoding=\"async\" width=\"40\" height=\"40\" class=\"wp-image-1875\" style=\"width: 40px;\" src=\"https:\/\/www.vienne-en-transition.fr\/wp-content\/uploads\/2021\/05\/picto-facebook.png\" alt=\"Facebook\" srcset=\"https:\/\/www.vienne-en-transition.fr\/wp-content\/uploads\/2021\/05\/picto-facebook.png 200w, https:\/\/www.vienne-en-transition.fr\/wp-content\/uploads\/2021\/05\/picto-facebook-150x150.png 150w, https:\/\/www.vienne-en-transition.fr\/wp-content\/uploads\/2021\/05\/picto-facebook-100x100.png 100w\" sizes=\"auto, (max-width: 40px) 100vw, 40px\" \/><\/a><img loading=\"lazy\" decoding=\"async\" width=\"20\" height=\"40\" class=\"wp-image-1868\" style=\"width: 20px;\" src=\"https:\/\/www.vienne-en-transition.fr\/wp-content\/uploads\/2021\/05\/picto-espace.png\" alt=\"\"><a href=\"https:\/\/twitter.com\/LVETchasseneuil\"><img loading=\"lazy\" decoding=\"async\" width=\"40\" height=\"40\" class=\"wp-image-1877\" style=\"width: 40px;\" src=\"https:\/\/www.vienne-en-transition.fr\/wp-content\/uploads\/2021\/05\/picto-twitter.png\" alt=\"\" srcset=\"https:\/\/www.vienne-en-transition.fr\/wp-content\/uploads\/2021\/05\/picto-twitter.png 200w, https:\/\/www.vienne-en-transition.fr\/wp-content\/uploads\/2021\/05\/picto-twitter-150x150.png 150w, https:\/\/www.vienne-en-transition.fr\/wp-content\/uploads\/2021\/05\/picto-twitter-100x100.png 100w\" sizes=\"auto, (max-width: 40px) 100vw, 40px\" \/><\/a>  <img loading=\"lazy\" decoding=\"async\" width=\"175\" height=\"40\" class=\"wp-image-1973\" style=\"width: 175px;\" src=\"https:\/\/www.vienne-en-transition.fr\/wp-content\/uploads\/2021\/06\/texte-reseauxsociaux.png\" alt=\"Suivez la campagne sur les r\u00e9seaux sociaux\" srcset=\"https:\/\/www.vienne-en-transition.fr\/wp-content\/uploads\/2021\/06\/texte-reseauxsociaux.png 350w, https:\/\/www.vienne-en-transition.fr\/wp-content\/uploads\/2021\/06\/texte-reseauxsociaux-300x69.png 300w\" sizes=\"auto, (max-width: 175px) 100vw, 175px\" \/><\/p>\n\n\n\n<h2 class=\"wp-block-heading\">Vincent Chenu &#8211; Titulaire<\/h2>\n\n\n\n<div class=\"wp-block-media-text alignwide is-stacked-on-mobile\" style=\"grid-template-columns:15% auto\"><figure class=\"wp-block-media-text__media\"><img loading=\"lazy\" decoding=\"async\" width=\"243\" height=\"242\" src=\"https:\/\/www.vienne-en-transition.fr\/wp-content\/uploads\/2021\/05\/profil-vchenu.jpg\" alt=\"Vincent Chenu\" class=\"wp-image-1664 size-full\" srcset=\"https:\/\/www.vienne-en-transition.fr\/wp-content\/uploads\/2021\/05\/profil-vchenu.jpg 243w, https:\/\/www.vienne-en-transition.fr\/wp-content\/uploads\/2021\/05\/profil-vchenu-150x150.jpg 150w, https:\/\/www.vienne-en-transition.fr\/wp-content\/uploads\/2021\/05\/profil-vchenu-100x100.jpg 100w\" sizes=\"auto, (max-width: 243px) 100vw, 243px\" \/><\/figure><div class=\"wp-block-media-text__content\">\n<p>Responsable Mission locale d\u2019insertion Jeunes \u2013 49 ans<br>Maire de Savigny l\u2019Evescault<br>Conseiller communautaire Grand Poitiers.<br>Membre CA de Vienne et Mouli\u00e8re Solidarit\u00e9 et de l\u2019Ehpad de la Brunetterie<\/p>\n<\/div><\/div>\n\n\n\n<h2 class=\"wp-block-heading\">Val\u00e9rie Marmin &#8211; Titulaire<\/h2>\n\n\n\n<div class=\"wp-block-media-text alignwide is-stacked-on-mobile\" style=\"grid-template-columns:15% auto\"><figure class=\"wp-block-media-text__media\"><img loading=\"lazy\" decoding=\"async\" width=\"243\" height=\"243\" src=\"https:\/\/www.vienne-en-transition.fr\/wp-content\/uploads\/2021\/05\/profil-vmarmin.jpg\" alt=\"Val\u00e9rie Marmin\" class=\"wp-image-1661 size-full\" srcset=\"https:\/\/www.vienne-en-transition.fr\/wp-content\/uploads\/2021\/05\/profil-vmarmin.jpg 243w, https:\/\/www.vienne-en-transition.fr\/wp-content\/uploads\/2021\/05\/profil-vmarmin-150x150.jpg 150w, https:\/\/www.vienne-en-transition.fr\/wp-content\/uploads\/2021\/05\/profil-vmarmin-100x100.jpg 100w\" sizes=\"auto, (max-width: 243px) 100vw, 243px\" \/><\/figure><div class=\"wp-block-media-text__content\">\n<p>Cadre de la fonction publique (petite enfance-restauration<br>scolaire-\u00e9ducation) \u2013 55 ans<br>Ancienne \u00e9lue de Montamis\u00e9 et de la communaut\u00e9 d\u2019Agglo de Poitiers.<br>Ancienne Vice-Pr\u00e9sidente du Poitou-Charentes<\/p>\n<\/div><\/div>\n\n\n\n<h2 class=\"wp-block-heading\">Patrice Laplaige &#8211; Rempla\u00e7ant<\/h2>\n\n\n\n<div class=\"wp-block-media-text alignwide is-stacked-on-mobile\" style=\"grid-template-columns:15% auto\"><figure class=\"wp-block-media-text__media\"><img loading=\"lazy\" decoding=\"async\" width=\"243\" height=\"243\" src=\"https:\/\/www.vienne-en-transition.fr\/wp-content\/uploads\/2021\/05\/profil-plaplaige.jpg\" alt=\"Patrice Laplaige\" class=\"wp-image-1663 size-full\" srcset=\"https:\/\/www.vienne-en-transition.fr\/wp-content\/uploads\/2021\/05\/profil-plaplaige.jpg 243w, https:\/\/www.vienne-en-transition.fr\/wp-content\/uploads\/2021\/05\/profil-plaplaige-150x150.jpg 150w, https:\/\/www.vienne-en-transition.fr\/wp-content\/uploads\/2021\/05\/profil-plaplaige-100x100.jpg 100w\" sizes=\"auto, (max-width: 243px) 100vw, 243px\" \/><\/figure><div class=\"wp-block-media-text__content\">\n<p>Retrait\u00e9 \u2013 63 ans<br>Tr\u00e9sorier de l&rsquo;association r\u00e9gionale des Familles Traumatis\u00e9s Cr\u00e2niens et C\u00e9r\u00e9brol\u00e9s\u00e9s<br>Membre de la CDAPH (MDPH)<br>Tr\u00e9sorier \u00c9claireurs de France<br>Conseiller municipal de Chasseneuil-du-Poitou (2008-2014)<\/p>\n<\/div><\/div>\n\n\n\n<h2 class=\"wp-block-heading\">Christine Polo &#8211; Rempla\u00e7ante<\/h2>\n\n\n\n<div class=\"wp-block-media-text alignwide is-stacked-on-mobile\" style=\"grid-template-columns:15% auto\"><figure class=\"wp-block-media-text__media\"><img loading=\"lazy\" decoding=\"async\" width=\"243\" height=\"243\" src=\"https:\/\/www.vienne-en-transition.fr\/wp-content\/uploads\/2021\/05\/profil-cpolo.jpg\" alt=\"\" class=\"wp-image-1662 size-full\" srcset=\"https:\/\/www.vienne-en-transition.fr\/wp-content\/uploads\/2021\/05\/profil-cpolo.jpg 243w, https:\/\/www.vienne-en-transition.fr\/wp-content\/uploads\/2021\/05\/profil-cpolo-150x150.jpg 150w, https:\/\/www.vienne-en-transition.fr\/wp-content\/uploads\/2021\/05\/profil-cpolo-100x100.jpg 100w\" sizes=\"auto, (max-width: 243px) 100vw, 243px\" \/><\/figure><div class=\"wp-block-media-text__content\">\n<p>Comptable \u2013 55 ans.<br>1\u00e8re adjointe \u00e0 la mairie de Terc\u00e9.<br>Pr\u00e9sidente du SIVOS Jardres-Pouill\u00e9-Terc\u00e9.<br>Membre du CA de VMS.<br>Exp\u00e9rience en foyers SDF, violences faites aux femmes, aide p\u00e9nale, entreprises d\u2019insertion\u2026<\/p>\n<\/div><\/div>\n","protected":false},"excerpt":{"rendered":"<p>Vincent Chenu &#8211; Titulaire Responsable Mission locale d\u2019insertion Jeunes \u2013 49 ansMaire de Savigny l\u2019EvescaultConseiller communautaire Grand Poitiers.Membre CA de [&hellip;]<\/p>\n","protected":false},"author":1,"featured_media":0,"parent":1486,"menu_order":0,"comment_status":"closed","ping_status":"closed","template":"","meta":{"site-sidebar-layout":"default","site-content-layout":"","ast-site-content-layout":"","site-content-style":"default","site-sidebar-style":"default","ast-global-header-display":"","ast-banner-title-visibility":"","ast-main-header-display":"","ast-hfb-above-header-display":"","ast-hfb-below-header-display":"","ast-hfb-mobile-header-display":"","site-post-title":"","ast-breadcrumbs-content":"","ast-featured-img":"","footer-sml-layout":"","theme-transparent-header-meta":"","adv-header-id-meta":"","stick-header-meta":"","header-above-stick-meta":"","header-main-stick-meta":"","header-below-stick-meta":"","astra-migrate-meta-layouts":"default","ast-page-background-enabled":"default","ast-page-background-meta":{"desktop":{"background-color":"var(--ast-global-color-5)","background-image":"","background-repeat":"repeat","background-position":"center center","background-size":"auto","background-attachment":"scroll","background-type":"","background-media":"","overlay-type":"","overlay-color":"","overlay-opacity":"","overlay-gradient":""},"tablet":{"background-color":"","background-image":"","background-repeat":"repeat","background-position":"center center","background-size":"auto","background-attachment":"scroll","background-type":"","background-media":"","overlay-type":"","overlay-color":"","overlay-opacity":"","overlay-gradient":""},"mobile":{"background-color":"","background-image":"","background-repeat":"repeat","background-position":"center center","background-size":"auto","background-attachment":"scroll","background-type":"","background-media":"","overlay-type":"","overlay-color":"","overlay-opacity":"","overlay-gradient":""}},"ast-content-background-meta":{"desktop":{"background-color":"var(--ast-global-color-4)","background-image":"","background-repeat":"repeat","background-position":"center center","background-size":"auto","background-attachment":"scroll","background-type":"","background-media":"","overlay-type":"","overlay-color":"","overlay-opacity":"","overlay-gradient":""},"tablet":{"background-color":"var(--ast-global-color-4)","background-image":"","background-repeat":"repeat","background-position":"center center","background-size":"auto","background-attachment":"scroll","background-type":"","background-media":"","overlay-type":"","overlay-color":"","overlay-opacity":"","overlay-gradient":""},"mobile":{"background-color":"var(--ast-global-color-4)","background-image":"","background-repeat":"repeat","background-position":"center center","background-size":"auto","background-attachment":"scroll","background-type":"","background-media":"","overlay-type":"","overlay-color":"","overlay-opacity":"","overlay-gradient":""}},"footnotes":""},"class_list":["post-1488","page","type-page","status-publish","hentry"],"_links":{"self":[{"href":"https:\/\/www.vienne-en-transition.fr\/index.php\/wp-json\/wp\/v2\/pages\/1488","targetHints":{"allow":["GET"]}}],"collection":[{"href":"https:\/\/www.vienne-en-transition.fr\/index.php\/wp-json\/wp\/v2\/pages"}],"about":[{"href":"https:\/\/www.vienne-en-transition.fr\/index.php\/wp-json\/wp\/v2\/types\/page"}],"author":[{"embeddable":true,"href":"https:\/\/www.vienne-en-transition.fr\/index.php\/wp-json\/wp\/v2\/users\/1"}],"replies":[{"embeddable":true,"href":"https:\/\/www.vienne-en-transition.fr\/index.php\/wp-json\/wp\/v2\/comments?post=1488"}],"version-history":[{"count":25,"href":"https:\/\/www.vienne-en-transition.fr\/index.php\/wp-json\/wp\/v2\/pages\/1488\/revisions"}],"predecessor-version":[{"id":1977,"href":"https:\/\/www.vienne-en-transition.fr\/index.php\/wp-json\/wp\/v2\/pages\/1488\/revisions\/1977"}],"up":[{"embeddable":true,"href":"https:\/\/www.vienne-en-transition.fr\/index.php\/wp-json\/wp\/v2\/pages\/1486"}],"wp:attachment":[{"href":"https:\/\/www.vienne-en-transition.fr\/index.php\/wp-json\/wp\/v2\/media?parent=1488"}],"curies":[{"name":"wp","href":"https:\/\/api.w.org\/{rel}","templated":true}]}}

<figure class="wp-block-image size-large"><img decoding="async" src="https://www.vienne-en-transition.fr/wp-content/uploads/2021/05/bann-chasseneuil.jpg" alt="Les candidat-e-s de Chasseneuil" class="wp-image-1553"/></figure>



<p><a href="https://www.facebook.com/LVETchasseneuil"><img loading="lazy" decoding="async" width="40" height="40" class="wp-image-1875" style="width: 40px;" src="https://www.vienne-en-transition.fr/wp-content/uploads/2021/05/picto-facebook.png" alt="Facebook" srcset="https://www.vienne-en-transition.fr/wp-content/uploads/2021/05/picto-facebook.png 200w, https://www.vienne-en-transition.fr/wp-content/uploads/2021/05/picto-facebook-150x150.png 150w, https://www.vienne-en-transition.fr/wp-content/uploads/2021/05/picto-facebook-100x100.png 100w" sizes="auto, (max-width: 40px) 100vw, 40px" /></a><img loading="lazy" decoding="async" width="20" height="40" class="wp-image-1868" style="width: 20px;" src="https://www.vienne-en-transition.fr/wp-content/uploads/2021/05/picto-espace.png" alt=""><a href="https://twitter.com/LVETchasseneuil"><img loading="lazy" decoding="async" width="40" height="40" class="wp-image-1877" style="width: 40px;" src="https://www.vienne-en-transition.fr/wp-content/uploads/2021/05/picto-twitter.png" alt="" srcset="https://www.vienne-en-transition.fr/wp-content/uploads/2021/05/picto-twitter.png 200w, https://www.vienne-en-transition.fr/wp-content/uploads/2021/05/picto-twitter-150x150.png 150w, https://www.vienne-en-transition.fr/wp-content/uploads/2021/05/picto-twitter-100x100.png 100w" sizes="auto, (max-width: 40px) 100vw, 40px" /></a>  <img loading="lazy" decoding="async" width="175" height="40" class="wp-image-1973" style="width: 175px;" src="https://www.vienne-en-transition.fr/wp-content/uploads/2021/06/texte-reseauxsociaux.png" alt="Suivez la campagne sur les réseaux sociaux" srcset="https://www.vienne-en-transition.fr/wp-content/uploads/2021/06/texte-reseauxsociaux.png 350w, https://www.vienne-en-transition.fr/wp-content/uploads/2021/06/texte-reseauxsociaux-300x69.png 300w" sizes="auto, (max-width: 175px) 100vw, 175px" /></p>



<h2 class="wp-block-heading">Vincent Chenu &#8211; Titulaire</h2>



<div class="wp-block-media-text alignwide is-stacked-on-mobile" style="grid-template-columns:15% auto"><figure class="wp-block-media-text__media"><img loading="lazy" decoding="async" width="243" height="242" src="https://www.vienne-en-transition.fr/wp-content/uploads/2021/05/profil-vchenu.jpg" alt="Vincent Chenu" class="wp-image-1664 size-full" srcset="https://www.vienne-en-transition.fr/wp-content/uploads/2021/05/profil-vchenu.jpg 243w, https://www.vienne-en-transition.fr/wp-content/uploads/2021/05/profil-vchenu-150x150.jpg 150w, https://www.vienne-en-transition.fr/wp-content/uploads/2021/05/profil-vchenu-100x100.jpg 100w" sizes="auto, (max-width: 243px) 100vw, 243px" /></figure><div class="wp-block-media-text__content">
<p>Responsable Mission locale d’insertion Jeunes – 49 ans<br>Maire de Savigny l’Evescault<br>Conseiller communautaire Grand Poitiers.<br>Membre CA de Vienne et Moulière Solidarité et de l’Ehpad de la Brunetterie</p>
</div></div>



<h2 class="wp-block-heading">Valérie Marmin &#8211; Titulaire</h2>



<div class="wp-block-media-text alignwide is-stacked-on-mobile" style="grid-template-columns:15% auto"><figure class="wp-block-media-text__media"><img loading="lazy" decoding="async" width="243" height="243" src="https://www.vienne-en-transition.fr/wp-content/uploads/2021/05/profil-vmarmin.jpg" alt="Valérie Marmin" class="wp-image-1661 size-full" srcset="https://www.vienne-en-transition.fr/wp-content/uploads/2021/05/profil-vmarmin.jpg 243w, https://www.vienne-en-transition.fr/wp-content/uploads/2021/05/profil-vmarmin-150x150.jpg 150w, https://www.vienne-en-transition.fr/wp-content/uploads/2021/05/profil-vmarmin-100x100.jpg 100w" sizes="auto, (max-width: 243px) 100vw, 243px" /></figure><div class="wp-block-media-text__content">
<p>Cadre de la fonction publique (petite enfance-restauration<br>scolaire-éducation) – 55 ans<br>Ancienne élue de Montamisé et de la communauté d’Agglo de Poitiers.<br>Ancienne Vice-Présidente du Poitou-Charentes</p>
</div></div>



<h2 class="wp-block-heading">Patrice Laplaige &#8211; Remplaçant</h2>



<div class="wp-block-media-text alignwide is-stacked-on-mobile" style="grid-template-columns:15% auto"><figure class="wp-block-media-text__media"><img loading="lazy" decoding="async" width="243" height="243" src="https://www.vienne-en-transition.fr/wp-content/uploads/2021/05/profil-plaplaige.jpg" alt="Patrice Laplaige" class="wp-image-1663 size-full" srcset="https://www.vienne-en-transition.fr/wp-content/uploads/2021/05/profil-plaplaige.jpg 243w, https://www.vienne-en-transition.fr/wp-content/uploads/2021/05/profil-plaplaige-150x150.jpg 150w, https://www.vienne-en-transition.fr/wp-content/uploads/2021/05/profil-plaplaige-100x100.jpg 100w" sizes="auto, (max-width: 243px) 100vw, 243px" /></figure><div class="wp-block-media-text__content">
<p>Retraité – 63 ans<br>Trésorier de l&rsquo;association régionale des Familles Traumatisés Crâniens et Cérébrolésés<br>Membre de la CDAPH (MDPH)<br>Trésorier Éclaireurs de France<br>Conseiller municipal de Chasseneuil-du-Poitou (2008-2014)</p>
</div></div>



<h2 class="wp-block-heading">Christine Polo &#8211; Remplaçante</h2>



<div class="wp-block-media-text alignwide is-stacked-on-mobile" style="grid-template-columns:15% auto"><figure class="wp-block-media-text__media"><img loading="lazy" decoding="async" width="243" height="243" src="https://www.vienne-en-transition.fr/wp-content/uploads/2021/05/profil-cpolo.jpg" alt="" class="wp-image-1662 size-full" srcset="https://www.vienne-en-transition.fr/wp-content/uploads/2021/05/profil-cpolo.jpg 243w, https://www.vienne-en-transition.fr/wp-content/uploads/2021/05/profil-cpolo-150x150.jpg 150w, https://www.vienne-en-transition.fr/wp-content/uploads/2021/05/profil-cpolo-100x100.jpg 100w" sizes="auto, (max-width: 243px) 100vw, 243px" /></figure><div class="wp-block-media-text__content">
<p>Comptable – 55 ans.<br>1ère adjointe à la mairie de Tercé.<br>Présidente du SIVOS Jardres-Pouillé-Tercé.<br>Membre du CA de VMS.<br>Expérience en foyers SDF, violences faites aux femmes, aide pénale, entreprises d’insertion…</p>
</div></div>
